CRAN Package Check Results for Package hermite

Last updated on 2024-05-29 11:52:38 CEST.

Flavor Version Tinstall Tcheck Ttotal Status Flags
r-devel-linux-x86_64-debian-clang 1.1.2 4.22 36.58 40.80 NOTE
r-devel-linux-x86_64-debian-gcc 1.1.2 2.90 27.59 30.49 NOTE
r-devel-linux-x86_64-fedora-clang 1.1.2 49.64 NOTE
r-devel-linux-x86_64-fedora-gcc 1.1.2 47.44 NOTE
r-devel-windows-x86_64 1.1.2 4.00 54.00 58.00 NOTE
r-patched-linux-x86_64 1.1.2 4.15 34.98 39.13 NOTE
r-release-linux-x86_64 1.1.2 3.15 34.27 37.42 NOTE
r-release-macos-arm64 1.1.2 20.00 NOTE
r-release-windows-x86_64 1.1.2 4.00 54.00 58.00 NOTE
r-oldrel-macos-arm64 1.1.2 21.00 OK
r-oldrel-macos-x86_64 1.1.2 28.00 OK
r-oldrel-windows-x86_64 1.1.2 5.00 56.00 61.00 OK

Check Details

Version: 1.1.2
Check: Rd files
Result: NOTE checkRd: (-1) glm.hermite.Rd:46-48: Lost braces in \itemize; \value handles \item{}{} directly checkRd: (-1) glm.hermite.Rd:49-51: Lost braces in \itemize; \value handles \item{}{} directly checkRd: (-1) glm.hermite.Rd:52-54: Lost braces in \itemize; \value handles \item{}{} directly checkRd: (-1) glm.hermite.Rd:55-58: Lost braces in \itemize; \value handles \item{}{} directly checkRd: (-1) glm.hermite.Rd:59-60: Lost braces in \itemize; \value handles \item{}{} directly checkRd: (-1) glm.hermite.Rd:61-65: Lost braces in \itemize; \value handles \item{}{} directly checkRd: (-1) glm.hermite.Rd:66-67: Lost braces in \itemize; \value handles \item{}{} directly checkRd: (-1) glm.hermite.Rd:68-69: Lost braces in \itemize; \value handles \item{}{} directly checkRd: (-1) phermite.Rd:38: Lost braces; missing escapes or markup? 38 | {b} and \code{m} to be lower (or greater) than \code{q}. | ^ Flavors: r-devel-linux-x86_64-debian-clang, r-devel-linux-x86_64-debian-gcc, r-devel-linux-x86_64-fedora-clang, r-devel-linux-x86_64-fedora-gcc, r-devel-windows-x86_64, r-patched-linux-x86_64, r-release-linux-x86_64, r-release-macos-arm64, r-release-windows-x86_64