CRAN Package Check Results for Package hereR

Last updated on 2020-07-08 06:47:50 CEST.

Flavor Version Tinstall Tcheck Ttotal Status Flags
r-devel-linux-x86_64-debian-clang 0.4.0 6.07 106.24 112.31 OK
r-devel-linux-x86_64-debian-gcc 0.4.0 5.85 79.40 85.25 OK
r-devel-linux-x86_64-fedora-clang 0.4.0 149.20 NOTE
r-devel-linux-x86_64-fedora-gcc 0.4.0 155.56 OK
r-devel-windows-ix86+x86_64 0.3.3 15.00 116.00 131.00 OK
r-patched-linux-x86_64 0.4.0 7.12 103.20 110.32 OK
r-patched-solaris-x86 0.4.0 178.70 WARN
r-release-linux-x86_64 0.4.0 6.55 103.10 109.65 OK
r-release-osx-x86_64 0.3.3 NOTE
r-release-windows-ix86+x86_64 0.4.0 26.00 165.00 191.00 NOTE
r-oldrel-osx-x86_64 0.4.0 WARN
r-oldrel-windows-ix86+x86_64 0.4.0 20.00 151.00 171.00 NOTE

Check Details

Version: 0.4.0
Check: installed package size
Result: NOTE
     installed size is 5.6Mb
     sub-directories of 1Mb or more:
     doc 4.6Mb
Flavors: r-devel-linux-x86_64-fedora-clang, r-patched-solaris-x86, r-release-windows-ix86+x86_64, r-oldrel-osx-x86_64, r-oldrel-windows-ix86+x86_64

Version: 0.4.0
Check: re-building of vignette outputs
Result: WARN
    Error(s) in re-building vignettes:
     ...
    --- re-building ‘authentication.Rmd’ using rmarkdown
    Warning in engine$weave(file, quiet = quiet, encoding = enc) :
     Pandoc (>= 1.12.3) and/or pandoc-citeproc not available. Falling back to R Markdown v1.
    --- finished re-building ‘authentication.Rmd’
    
    --- re-building ‘geocoder.Rmd’ using rmarkdown
    Warning in engine$weave(file, quiet = quiet, encoding = enc) :
     Pandoc (>= 1.12.3) and/or pandoc-citeproc not available. Falling back to R Markdown v1.
    Quitting from lines 57-64 (geocoder.Rmd)
    Error: processing vignette 'geocoder.Rmd' failed with diagnostics:
    cannot open the connection
    --- failed re-building ‘geocoder.Rmd’
    
    --- re-building ‘intermodal.Rmd’ using rmarkdown
    Warning in engine$weave(file, quiet = quiet, encoding = enc) :
     Pandoc (>= 1.12.3) and/or pandoc-citeproc not available. Falling back to R Markdown v1.
    Quitting from lines 58-65 (intermodal.Rmd)
    Error: processing vignette 'intermodal.Rmd' failed with diagnostics:
    cannot open the connection
    --- failed re-building ‘intermodal.Rmd’
    
    --- re-building ‘routing.Rmd’ using rmarkdown
    Warning in engine$weave(file, quiet = quiet, encoding = enc) :
     Pandoc (>= 1.12.3) and/or pandoc-citeproc not available. Falling back to R Markdown v1.
    Quitting from lines 49-59 (routing.Rmd)
    Error: processing vignette 'routing.Rmd' failed with diagnostics:
    cannot open the connection
    --- failed re-building ‘routing.Rmd’
    
    --- re-building ‘traffic.Rmd’ using rmarkdown
    Warning in engine$weave(file, quiet = quiet, encoding = enc) :
     Pandoc (>= 1.12.3) and/or pandoc-citeproc not available. Falling back to R Markdown v1.
    Quitting from lines 41-49 (traffic.Rmd)
    Error: processing vignette 'traffic.Rmd' failed with diagnostics:
    cannot open the connection
    --- failed re-building ‘traffic.Rmd’
    
    --- re-building ‘transit.Rmd’ using rmarkdown
    Warning in engine$weave(file, quiet = quiet, encoding = enc) :
     Pandoc (>= 1.12.3) and/or pandoc-citeproc not available. Falling back to R Markdown v1.
    Quitting from lines 56-62 (transit.Rmd)
    Error: processing vignette 'transit.Rmd' failed with diagnostics:
    cannot open the connection
    --- failed re-building ‘transit.Rmd’
    
    --- re-building ‘weather.Rmd’ using rmarkdown
    Warning in engine$weave(file, quiet = quiet, encoding = enc) :
     Pandoc (>= 1.12.3) and/or pandoc-citeproc not available. Falling back to R Markdown v1.
    Quitting from lines 54-70 (weather.Rmd)
    Error: processing vignette 'weather.Rmd' failed with diagnostics:
    cannot open the connection
    --- failed re-building ‘weather.Rmd’
    
    SUMMARY: processing the following files failed:
     ‘geocoder.Rmd’ ‘intermodal.Rmd’ ‘routing.Rmd’ ‘traffic.Rmd’
     ‘transit.Rmd’ ‘weather.Rmd’
    
    Error: Vignette re-building failed.
    Execution halted
Flavor: r-patched-solaris-x86

Version: 0.3.3
Check: dependencies in R code
Result: NOTE
    Namespace in Imports field not imported from: ‘lwgeom’
     All declared Imports should be used.
Flavor: r-release-osx-x86_64

Version: 0.3.3
Check: data for non-ASCII characters
Result: NOTE
     Note: found 1 marked UTF-8 string
Flavor: r-release-osx-x86_64

Version: 0.4.0
Check: re-building of vignette outputs
Result: WARN
    Error(s) in re-building vignettes:
    --- re-building ‘authentication.Rmd’ using rmarkdown
    Warning in engine$weave(file, quiet = quiet, encoding = enc) :
     Pandoc (>= 1.12.3) and/or pandoc-citeproc not available. Falling back to R Markdown v1.
    --- finished re-building ‘authentication.Rmd’
    
    --- re-building ‘geocoder.Rmd’ using rmarkdown
    Warning in engine$weave(file, quiet = quiet, encoding = enc) :
     Pandoc (>= 1.12.3) and/or pandoc-citeproc not available. Falling back to R Markdown v1.
    Quitting from lines 57-64 (geocoder.Rmd)
    Error: processing vignette 'geocoder.Rmd' failed with diagnostics:
    cannot open the connection
    --- failed re-building ‘geocoder.Rmd’
    
    --- re-building ‘intermodal.Rmd’ using rmarkdown
    Warning in engine$weave(file, quiet = quiet, encoding = enc) :
     Pandoc (>= 1.12.3) and/or pandoc-citeproc not available. Falling back to R Markdown v1.
    Quitting from lines 58-65 (intermodal.Rmd)
    Error: processing vignette 'intermodal.Rmd' failed with diagnostics:
    cannot open the connection
    --- failed re-building ‘intermodal.Rmd’
    
    --- re-building ‘routing.Rmd’ using rmarkdown
    Warning in engine$weave(file, quiet = quiet, encoding = enc) :
     Pandoc (>= 1.12.3) and/or pandoc-citeproc not available. Falling back to R Markdown v1.
    Quitting from lines 49-59 (routing.Rmd)
    Error: processing vignette 'routing.Rmd' failed with diagnostics:
    cannot open the connection
    --- failed re-building ‘routing.Rmd’
    
    --- re-building ‘traffic.Rmd’ using rmarkdown
    Warning in engine$weave(file, quiet = quiet, encoding = enc) :
     Pandoc (>= 1.12.3) and/or pandoc-citeproc not available. Falling back to R Markdown v1.
    Quitting from lines 41-49 (traffic.Rmd)
    Error: processing vignette 'traffic.Rmd' failed with diagnostics:
    cannot open the connection
    --- failed re-building ‘traffic.Rmd’
    
    --- re-building ‘transit.Rmd’ using rmarkdown
    Warning in engine$weave(file, quiet = quiet, encoding = enc) :
     Pandoc (>= 1.12.3) and/or pandoc-citeproc not available. Falling back to R Markdown v1.
    Quitting from lines 56-62 (transit.Rmd)
    Error: processing vignette 'transit.Rmd' failed with diagnostics:
    cannot open the connection
    --- failed re-building ‘transit.Rmd’
    
    --- re-building ‘weather.Rmd’ using rmarkdown
    Warning in engine$weave(file, quiet = quiet, encoding = enc) :
     Pandoc (>= 1.12.3) and/or pandoc-citeproc not available. Falling back to R Markdown v1.
    Quitting from lines 54-70 (weather.Rmd)
    Error: processing vignette 'weather.Rmd' failed with diagnostics:
    cannot open the connection
    --- failed re-building ‘weather.Rmd’
    
    SUMMARY: processing the following files failed:
     ‘geocoder.Rmd’ ‘intermodal.Rmd’ ‘routing.Rmd’ ‘traffic.Rmd’
     ‘transit.Rmd’ ‘weather.Rmd’
    
    Error: Vignette re-building failed.
    Execution halted
Flavor: r-oldrel-osx-x86_64