Last updated on 2024-04-19 11:56:48 CEST.
Flavor | Version | Tinstall | Tcheck | Ttotal | Status | Flags |
---|---|---|---|---|---|---|
r-devel-linux-x86_64-debian-clang | 1.6.2 | 11.88 | 172.58 | 184.46 | OK | |
r-devel-linux-x86_64-debian-gcc | 1.6.2 | OK | ||||
r-devel-linux-x86_64-fedora-clang | 1.6.2 | 244.12 | NOTE | |||
r-devel-linux-x86_64-fedora-gcc | 1.6.2 | 248.12 | OK | |||
r-prerel-macos-arm64 | 1.6.2 | 57.00 | OK | |||
r-prerel-macos-x86_64 | 1.6.2 | 231.00 | OK | |||
r-prerel-windows-x86_64 | 1.6.2 | 12.00 | 144.00 | 156.00 | OK | |
r-patched-linux-x86_64 | 1.6.2 | 11.16 | 164.37 | 175.53 | OK | |
r-release-linux-x86_64 | 1.6.2 | 9.30 | 163.64 | 172.94 | OK | |
r-release-macos-arm64 | 1.6.2 | 65.00 | OK | |||
r-release-macos-x86_64 | 1.6.2 | 106.00 | OK | |||
r-release-windows-x86_64 | 1.6.2 | 15.00 | 175.00 | 190.00 | OK | |
r-oldrel-macos-arm64 | 1.6.2 | 55.00 | OK | |||
r-oldrel-windows-x86_64 | 1.6.2 | 16.00 | 163.00 | 179.00 | OK |
Version: 1.6.2
Check: Rd cross-references
Result: NOTE
Undeclared packages ‘Sleuth2’, ‘rrcov’, ‘archdata’, ‘qqtest’ in Rd xrefs
Flavor: r-devel-linux-x86_64-fedora-clang