CRAN Package Check Results for Package heplots

Last updated on 2020-04-02 21:47:46 CEST.

Flavor Version Tinstall Tcheck Ttotal Status Flags
r-devel-linux-x86_64-debian-clang 1.3-5 10.44 129.45 139.89 NOTE
r-devel-linux-x86_64-debian-gcc 1.3-5 7.95 94.19 102.14 NOTE
r-devel-linux-x86_64-fedora-clang 1.3-5 158.82 NOTE
r-devel-linux-x86_64-fedora-gcc 1.3-5 157.19 NOTE
r-devel-windows-ix86+x86_64 1.3-5 14.00 151.00 165.00 OK
r-devel-windows-ix86+x86_64-gcc8 1.3-5 17.00 149.00 166.00 NOTE
r-patched-linux-x86_64 1.3-5 7.50 125.23 132.73 NOTE
r-patched-solaris-x86 1.3-5 200.60 NOTE
r-release-linux-x86_64 1.3-5 7.42 116.80 124.22 NOTE
r-release-windows-ix86+x86_64 1.3-5 16.00 150.00 166.00 OK
r-release-osx-x86_64 1.3-5 NOTE
r-oldrel-windows-ix86+x86_64 1.3-5 11.00 145.00 156.00 OK
r-oldrel-osx-x86_64 1.3-5 OK

Check Details

Version: 1.3-5
Check: package dependencies
Result: NOTE
    Package suggested but not available for checking: 'FRB'
Flavors: r-devel-linux-x86_64-debian-clang, r-devel-linux-x86_64-debian-gcc, r-devel-linux-x86_64-fedora-clang, r-devel-linux-x86_64-fedora-gcc, r-devel-windows-ix86+x86_64-gcc8, r-patched-linux-x86_64, r-patched-solaris-x86, r-release-linux-x86_64

Version: 1.3-5
Check: package dependencies
Result: NOTE
    Packages suggested but not available for checking: 'rgl', 'FRB'
Flavor: r-release-osx-x86_64