CRAN Package Check Results for Package helsinki

Last updated on 2025-02-01 12:48:28 CET.

Flavor Version Tinstall Tcheck Ttotal Status Flags
r-devel-linux-x86_64-debian-clang 1.0.6 7.14 62.18 69.32 NOTE
r-devel-linux-x86_64-debian-gcc 1.0.6 5.39 48.74 54.13 NOTE
r-devel-linux-x86_64-fedora-clang 1.0.6 111.76 NOTE
r-devel-linux-x86_64-fedora-gcc 1.0.6 113.61 NOTE
r-devel-windows-x86_64 1.0.6 9.00 84.00 93.00 NOTE
r-patched-linux-x86_64 1.0.6 7.00 59.41 66.41 NOTE
r-release-linux-x86_64 1.0.6 6.53 58.05 64.58 NOTE
r-release-macos-arm64 1.0.6 59.00 NOTE
r-release-macos-x86_64 1.0.6 81.00 NOTE
r-release-windows-x86_64 1.0.6 8.00 85.00 93.00 NOTE
r-oldrel-macos-arm64 1.0.6 49.00 OK
r-oldrel-macos-x86_64 1.0.6 71.00 OK
r-oldrel-windows-x86_64 1.0.6 9.00 97.00 106.00 OK

Check Details

Version: 1.0.6
Check: Rd files
Result: NOTE checkRd: (-1) get_hri_stats.Rd:40: Lost braces 40 | See \url{https://dev.hel.fi/apis/statistics/}{dev.hel.fi website} and | ^ checkRd: (-1) get_hri_stats.Rd:41: Lost braces 41 | \url{http://dev.hel.fi/stats/}{API documentation} (in Finnish) | ^ checkRd: (-1) get_linkedevents.Rd:39: Lost braces in \itemize; meant \describe ? checkRd: (-1) get_linkedevents.Rd:40: Lost braces in \itemize; meant \describe ? checkRd: (-1) get_linkedevents.Rd:41: Lost braces in \itemize; meant \describe ? checkRd: (-1) get_linkedevents.Rd:42: Lost braces in \itemize; meant \describe ? checkRd: (-1) get_linkedevents.Rd:43: Lost braces in \itemize; meant \describe ? checkRd: (-1) get_servicemap.Rd:40: Lost braces in \itemize; meant \describe ? checkRd: (-1) get_servicemap.Rd:41: Lost braces in \itemize; meant \describe ? checkRd: (-1) get_servicemap.Rd:42: Lost braces in \itemize; meant \describe ? checkRd: (-1) get_servicemap.Rd:43: Lost braces in \itemize; meant \describe ? checkRd: (-1) get_servicemap.Rd:44: Lost braces in \itemize; meant \describe ? checkRd: (-1) get_servicemap.Rd:45: Lost braces in \itemize; meant \describe ? checkRd: (-1) get_servicemap.Rd:52: Lost braces in \itemize; meant \describe ? checkRd: (-1) get_servicemap.Rd:53: Lost braces in \itemize; meant \describe ? checkRd: (-1) get_servicemap.Rd:54: Lost braces in \itemize; meant \describe ? checkRd: (-1) get_servicemap.Rd:55: Lost braces in \itemize; meant \describe ? checkRd: (-1) get_servicemap.Rd:56: Lost braces in \itemize; meant \describe ? checkRd: (-1) get_servicemap.Rd:57: Lost braces in \itemize; meant \describe ? checkRd: (-1) get_servicemap.Rd:58: Lost braces in \itemize; meant \describe ? checkRd: (-1) get_servicemap.Rd:59: Lost braces in \itemize; meant \describe ? checkRd: (-1) get_servicemap.Rd:60: Lost braces in \itemize; meant \describe ? checkRd: (-1) get_servicemap.Rd:61: Lost braces in \itemize; meant \describe ? Flavors: r-devel-linux-x86_64-debian-clang, r-devel-linux-x86_64-debian-gcc, r-devel-linux-x86_64-fedora-clang, r-devel-linux-x86_64-fedora-gcc, r-devel-windows-x86_64, r-patched-linux-x86_64, r-release-linux-x86_64, r-release-macos-arm64, r-release-macos-x86_64, r-release-windows-x86_64