Last updated on 2025-05-11 06:50:47 CEST.
Flavor | Version | Tinstall | Tcheck | Ttotal | Status | Flags |
---|---|---|---|---|---|---|
r-devel-linux-x86_64-debian-clang | 0.0-9 | 2.85 | 33.17 | 36.02 | NOTE | |
r-devel-linux-x86_64-debian-gcc | 0.0-9 | 2.27 | 27.28 | 29.55 | NOTE | |
r-devel-linux-x86_64-fedora-clang | 0.0-9 | 57.54 | OK | |||
r-devel-linux-x86_64-fedora-gcc | 0.0-9 | 68.45 | OK | |||
r-devel-windows-x86_64 | 0.0-9 | 3.00 | 64.00 | 67.00 | OK | |
r-patched-linux-x86_64 | 0.0-9 | 2.84 | 32.04 | 34.88 | OK | |
r-release-linux-x86_64 | 0.0-9 | 2.76 | 32.33 | 35.09 | OK | |
r-release-macos-arm64 | 0.0-9 | 32.00 | OK | |||
r-release-macos-x86_64 | 0.0-9 | 55.00 | OK | |||
r-release-windows-x86_64 | 0.0-9 | 4.00 | 66.00 | 70.00 | OK | |
r-oldrel-macos-arm64 | 0.0-9 | 27.00 | OK | |||
r-oldrel-macos-x86_64 | 0.0-9 | 45.00 | OK | |||
r-oldrel-windows-x86_64 | 0.0-9 | 3.00 | 64.00 | 67.00 | OK |
Version: 0.0-9
Check: CRAN incoming feasibility
Result: NOTE
Maintainer: ‘Tobias Verbeke <tobias.verbeke@openanalytics.eu>’
No Authors@R field in DESCRIPTION.
Please add one, modifying
Authors@R: person(given = "Tobias",
family = "Verbeke",
role = c("aut", "cre"),
email = "tobias.verbeke@openanalytics.eu")
as necessary.
Flavors: r-devel-linux-x86_64-debian-clang, r-devel-linux-x86_64-debian-gcc