CRAN Package Check Results for Package hedgehog

Last updated on 2024-06-12 21:49:48 CEST.

Flavor Version Tinstall Tcheck Ttotal Status Flags
r-devel-linux-x86_64-debian-clang 0.1 2.74 80.96 83.70 OK
r-devel-linux-x86_64-debian-gcc 0.1 0.38 1.86 2.24 ERROR
r-devel-linux-x86_64-fedora-clang 0.1 101.47 OK
r-devel-linux-x86_64-fedora-gcc 0.1 112.94 OK
r-devel-windows-x86_64 0.1 4.00 80.00 84.00 OK
r-patched-linux-x86_64 0.1 2.85 75.69 78.54 OK
r-release-linux-x86_64 0.1 2.56 74.31 76.87 OK
r-release-macos-arm64 0.1 38.00 OK
r-release-macos-x86_64 0.1 110.00 OK
r-release-windows-x86_64 0.1 6.00 80.00 86.00 OK
r-oldrel-macos-arm64 0.1 42.00 OK
r-oldrel-macos-x86_64 0.1 67.00 OK
r-oldrel-windows-x86_64 0.1 6.00 91.00 97.00 OK

Check Details

Version: 0.1
Check: package dependencies
Result: ERROR Package required but not available: ‘testthat’ See section ‘The DESCRIPTION file’ in the ‘Writing R Extensions’ manual. Flavor: r-devel-linux-x86_64-debian-gcc