Last updated on 2024-04-26 03:55:30 CEST.
Flavor | Version | Tinstall | Tcheck | Ttotal | Status | Flags |
---|---|---|---|---|---|---|
r-devel-linux-x86_64-debian-clang | 0.4.6 | 38.08 | 225.20 | 263.28 | NOTE | |
r-devel-linux-x86_64-debian-gcc | 0.4.6 | 27.69 | 199.04 | 226.73 | NOTE | |
r-devel-linux-x86_64-fedora-clang | 0.4.6 | 369.34 | NOTE | |||
r-devel-linux-x86_64-fedora-gcc | 0.4.6 | 345.05 | NOTE | |||
r-devel-windows-x86_64 | 0.4.6 | 33.00 | 189.00 | 222.00 | NOTE | |
r-patched-linux-x86_64 | 0.4.6 | 40.83 | 249.70 | 290.53 | NOTE | |
r-release-linux-x86_64 | 0.4.6 | 38.10 | 250.93 | 289.03 | NOTE | |
r-release-macos-arm64 | 0.4.6 | 85.00 | NOTE | |||
r-release-windows-x86_64 | 0.4.6 | 35.00 | 190.00 | 225.00 | NOTE | |
r-oldrel-macos-arm64 | 0.4.6 | 101.00 | NOTE | |||
r-oldrel-macos-x86_64 | 0.4.6 | 160.00 | NOTE | |||
r-oldrel-windows-x86_64 | 0.4.6 | 41.00 | 233.00 | 274.00 | NOTE |
Version: 0.4.6
Check: C++ specification
Result: NOTE
Specified C++11: please drop specification unless essential
Flavors: r-devel-linux-x86_64-debian-clang, r-devel-linux-x86_64-debian-gcc, r-devel-linux-x86_64-fedora-clang, r-devel-linux-x86_64-fedora-gcc, r-devel-windows-x86_64, r-patched-linux-x86_64, r-release-linux-x86_64, r-release-macos-arm64, r-release-windows-x86_64, r-oldrel-macos-arm64, r-oldrel-macos-x86_64, r-oldrel-windows-x86_64
Version: 0.4.6
Check: Rd files
Result: NOTE
checkRd: (-1) category.Rd:117-118: Lost braces in \enumerate; meant \describe ?
checkRd: (-1) category.Rd:119-120: Lost braces in \enumerate; meant \describe ?
checkRd: (-1) category.Rd:121: Lost braces in \enumerate; meant \describe ?
checkRd: (-1) category.Rd:122-123: Lost braces in \enumerate; meant \describe ?
Flavors: r-devel-linux-x86_64-debian-clang, r-devel-linux-x86_64-debian-gcc, r-devel-linux-x86_64-fedora-clang, r-devel-linux-x86_64-fedora-gcc, r-devel-windows-x86_64, r-patched-linux-x86_64, r-release-macos-arm64, r-release-windows-x86_64