Last updated on 2025-02-04 03:49:50 CET.
Flavor | Version | Tinstall | Tcheck | Ttotal | Status | Flags |
---|---|---|---|---|---|---|
r-devel-linux-x86_64-debian-clang | 2.0.4 | 1.81 | 18.11 | 19.92 | OK | |
r-devel-linux-x86_64-debian-gcc | 2.0.4 | 1.47 | 14.64 | 16.11 | OK | |
r-devel-linux-x86_64-fedora-clang | 2.0.4 | 32.83 | OK | |||
r-devel-linux-x86_64-fedora-gcc | 2.0.4 | 30.11 | OK | |||
r-devel-windows-x86_64 | 2.0.4 | 3.00 | 40.00 | 43.00 | OK | |
r-patched-linux-x86_64 | 2.0.4 | 2.00 | 16.90 | 18.90 | NOTE | |
r-release-linux-x86_64 | 2.0.4 | 1.86 | 17.24 | 19.10 | NOTE | |
r-release-macos-arm64 | 2.0.4 | 14.00 | NOTE | |||
r-release-macos-x86_64 | 2.0.4 | 27.00 | NOTE | |||
r-release-windows-x86_64 | 2.0.4 | 2.00 | 39.00 | 41.00 | NOTE | |
r-oldrel-macos-arm64 | 2.0.4 | 16.00 | NOTE | |||
r-oldrel-macos-x86_64 | 2.0.4 | 20.00 | NOTE | |||
r-oldrel-windows-x86_64 | 2.0.4 | 3.00 | 39.00 | 42.00 | NOTE |
Version: 2.0.4
Check: LazyData
Result: NOTE
'LazyData' is specified without a 'data' directory
Flavors: r-patched-linux-x86_64, r-release-linux-x86_64, r-release-macos-arm64, r-release-macos-x86_64, r-release-windows-x86_64, r-oldrel-macos-arm64, r-oldrel-macos-x86_64, r-oldrel-windows-x86_64