Last updated on 2024-04-23 12:49:30 CEST.
Flavor | Version | Tinstall | Tcheck | Ttotal | Status | Flags |
---|---|---|---|---|---|---|
r-devel-linux-x86_64-debian-clang | 1.1.9 | 3.04 | 34.30 | 37.34 | NOTE | |
r-devel-linux-x86_64-debian-gcc | 1.1.9 | 1.79 | 26.80 | 28.59 | NOTE | |
r-devel-linux-x86_64-fedora-clang | 1.1.9 | 49.00 | NOTE | |||
r-devel-linux-x86_64-fedora-gcc | 1.1.9 | 58.40 | NOTE | |||
r-prerel-macos-arm64 | 1.1.9 | 23.00 | NOTE | |||
r-prerel-windows-x86_64 | 1.1.9 | 3.00 | 61.00 | 64.00 | NOTE | |
r-patched-linux-x86_64 | 1.1.9 | 2.43 | 32.60 | 35.03 | NOTE | |
r-release-linux-x86_64 | 1.1.9 | 3.01 | 31.99 | 35.00 | OK | |
r-release-macos-arm64 | 1.1.9 | 24.00 | OK | |||
r-release-macos-x86_64 | 1.1.9 | 35.00 | OK | |||
r-release-windows-x86_64 | 1.1.9 | 3.00 | 56.00 | 59.00 | OK | |
r-oldrel-macos-arm64 | 1.1.9 | 19.00 | OK | |||
r-oldrel-windows-x86_64 | 1.1.9 | 5.00 | 61.00 | 66.00 | OK |
Version: 1.1.9
Check: Rd files
Result: NOTE
checkRd: (-1) colByValue.Rd:20: Lost braces; missing escapes or markup?
20 | \item{las}{numeric in {0,1,2,3}; the style of axis labels.}
| ^
Flavors: r-devel-linux-x86_64-debian-clang, r-devel-linux-x86_64-debian-gcc, r-devel-linux-x86_64-fedora-clang, r-devel-linux-x86_64-fedora-gcc, r-prerel-macos-arm64, r-prerel-windows-x86_64, r-patched-linux-x86_64