Last updated on 2023-03-27 12:54:23 CEST.
Flavor | Version | Tinstall | Tcheck | Ttotal | Status | Flags |
---|---|---|---|---|---|---|
r-devel-linux-x86_64-debian-clang | 0.1.0 | 7.78 | 68.80 | 76.58 | NOTE | |
r-devel-linux-x86_64-debian-gcc | 0.1.0 | 5.43 | 50.34 | 55.77 | NOTE | |
r-devel-linux-x86_64-fedora-clang | 0.1.0 | 93.13 | NOTE | |||
r-devel-linux-x86_64-fedora-gcc | 0.1.0 | 88.81 | NOTE | |||
r-patched-linux-x86_64 | 0.1.0 | 6.68 | 66.14 | 72.82 | NOTE | |
r-release-linux-x86_64 | 0.1.0 | 6.67 | 66.46 | 73.13 | NOTE | |
r-release-macos-arm64 | 0.1.0 | 27.00 | NOTE | |||
r-release-macos-x86_64 | 0.1.0 | 57.00 | NOTE | |||
r-release-windows-x86_64 | 0.1.0 | 15.00 | 94.00 | 109.00 | NOTE | |
r-oldrel-macos-arm64 | 0.1.0 | 36.00 | NOTE | |||
r-oldrel-macos-x86_64 | 0.1.0 | 49.00 | NOTE | |||
r-oldrel-windows-ix86+x86_64 | 0.1.0 | 19.00 | 92.00 | 111.00 | NOTE |
Version: 0.1.0
Check: LazyData
Result: NOTE
'LazyData' is specified without a 'data' directory
Flavors: r-devel-linux-x86_64-debian-clang, r-devel-linux-x86_64-debian-gcc, r-devel-linux-x86_64-fedora-clang, r-devel-linux-x86_64-fedora-gcc, r-patched-linux-x86_64, r-release-linux-x86_64, r-release-macos-arm64, r-release-macos-x86_64, r-release-windows-x86_64, r-oldrel-macos-arm64, r-oldrel-macos-x86_64, r-oldrel-windows-ix86+x86_64