CRAN Package Check Results for Package hdpGLM

Last updated on 2022-09-27 12:52:53 CEST.

Flavor Version Tinstall Tcheck Ttotal Status Flags
r-devel-linux-x86_64-debian-clang 1.0.2 171.09 243.59 414.68 OK
r-devel-linux-x86_64-debian-gcc 1.0.2 131.07 192.27 323.34 OK
r-devel-linux-x86_64-fedora-clang 1.0.2 575.73 NOTE
r-devel-linux-x86_64-fedora-gcc 1.0.2 568.65 NOTE
r-devel-windows-x86_64 1.0.2 130.00 300.00 430.00 OK
r-patched-linux-x86_64 1.0.2 140.69 251.82 392.51 OK
r-release-linux-x86_64 1.0.2 141.94 251.82 393.76 OK
r-release-macos-arm64 1.0.2 104.00 NOTE
r-release-macos-x86_64 1.0.2 191.00 NOTE
r-release-windows-x86_64 1.0.2 129.00 296.00 425.00 OK
r-oldrel-macos-arm64 1.0.2 116.00 NOTE
r-oldrel-macos-x86_64 1.0.2 179.00 NOTE
r-oldrel-windows-ix86+x86_64 1.0.2 386.00 354.00 740.00 OK

Check Details

Version: 1.0.2
Check: package dependencies
Result: NOTE
    Imports includes 23 non-default packages.
    Importing from so many packages makes the package vulnerable to any of
    them becoming unavailable. Move as many as possible to Suggests and
    use conditionally.
Flavor: r-devel-linux-x86_64-fedora-clang

Version: 1.0.2
Check: dependencies in R code
Result: NOTE
    Namespaces in Imports field not imported from:
     ‘MCMCpack’ ‘ggjoy’ ‘isotone’ ‘questionr’ ‘rprojroot’ ‘tidyverse’
     All declared Imports should be used.
Flavors: r-devel-linux-x86_64-fedora-clang, r-devel-linux-x86_64-fedora-gcc, r-release-macos-arm64, r-release-macos-x86_64, r-oldrel-macos-arm64, r-oldrel-macos-x86_64

Version: 1.0.2
Check: installed package size
Result: NOTE
     installed size is 7.8Mb
     sub-directories of 1Mb or more:
     libs 7.1Mb
Flavors: r-release-macos-arm64, r-release-macos-x86_64, r-oldrel-macos-arm64, r-oldrel-macos-x86_64