Last updated on 2023-10-04 20:42:29 CEST.
Flavor | Version | Tinstall | Tcheck | Ttotal | Status | Flags |
---|---|---|---|---|---|---|
r-devel-linux-x86_64-debian-clang | 1.3.8 | 61.36 | 140.05 | 201.41 | NOTE | |
r-devel-linux-x86_64-debian-gcc | 1.3.8 | 51.53 | 105.94 | 157.47 | NOTE | |
r-devel-linux-x86_64-fedora-clang | 1.3.8 | 258.37 | NOTE | |||
r-devel-linux-x86_64-fedora-gcc | 1.3.8 | 271.82 | NOTE | |||
r-devel-windows-x86_64 | 1.3.8 | 57.00 | 210.00 | 267.00 | NOTE | |
r-patched-linux-x86_64 | 1.3.8 | 72.76 | 135.85 | 208.61 | OK | |
r-release-linux-x86_64 | 1.3.8 | 69.59 | 135.30 | 204.89 | OK | |
r-release-macos-arm64 | 1.3.8 | 98.00 | NOTE | |||
r-release-macos-x86_64 | 1.3.8 | 141.00 | NOTE | |||
r-release-windows-x86_64 | 1.3.8 | 71.00 | 176.00 | 247.00 | NOTE | |
r-oldrel-macos-arm64 | 1.3.8 | 83.00 | NOTE | |||
r-oldrel-macos-x86_64 | 1.3.8 | 96.00 | NOTE | |||
r-oldrel-windows-x86_64 | 1.3.8 | 60.00 | 153.00 | 213.00 | NOTE |
Version: 1.3.8
Check: Rd \usage sections
Result: NOTE
Documented arguments not in \usage in documentation object 'check_arg_for_hyperslab_func':
‘cur_arg’
Documented arguments not in \usage in documentation object 'extract_dim':
‘x’
Functions with \usage entries need to have the appropriate \alias
entries, and all their arguments documented.
The \usage entries must correspond to syntactically valid R code.
See chapter ‘Writing R documentation files’ in the ‘Writing R
Extensions’ manual.
Flavors: r-devel-linux-x86_64-debian-clang, r-devel-linux-x86_64-debian-gcc, r-devel-linux-x86_64-fedora-clang, r-devel-linux-x86_64-fedora-gcc, r-devel-windows-x86_64
Version: 1.3.8
Check: installed package size
Result: NOTE
installed size is 5.7Mb
sub-directories of 1Mb or more:
libs 3.2Mb
Flavors: r-devel-windows-x86_64, r-release-macos-arm64, r-release-macos-x86_64, r-release-windows-x86_64, r-oldrel-macos-arm64, r-oldrel-macos-x86_64, r-oldrel-windows-x86_64