Last updated on 2023-03-31 12:54:14 CEST.
Flavor | Version | Tinstall | Tcheck | Ttotal | Status | Flags |
---|---|---|---|---|---|---|
r-devel-linux-x86_64-debian-clang | 0.1.0 | 9.29 | 68.50 | 77.79 | NOTE | |
r-devel-linux-x86_64-debian-gcc | 0.1.0 | 6.64 | 50.16 | 56.80 | NOTE | |
r-devel-linux-x86_64-fedora-clang | 0.1.0 | 100.76 | NOTE | |||
r-devel-linux-x86_64-fedora-gcc | 0.1.0 | 106.84 | NOTE | |||
r-devel-windows-x86_64 | 0.1.0 | 28.00 | 0.00 | 28.00 | NOTE | |
r-patched-linux-x86_64 | 0.1.0 | 7.62 | 64.42 | 72.04 | NOTE | |
r-release-linux-x86_64 | 0.1.0 | 9.43 | 62.26 | 71.69 | NOTE | |
r-release-macos-arm64 | 0.1.0 | 27.00 | NOTE | |||
r-release-macos-x86_64 | 0.1.0 | 55.00 | NOTE | |||
r-release-windows-x86_64 | 0.1.0 | 25.00 | 108.00 | 133.00 | NOTE | |
r-oldrel-macos-arm64 | 0.1.0 | 30.00 | NOTE | |||
r-oldrel-macos-x86_64 | 0.1.0 | 44.00 | NOTE | |||
r-oldrel-windows-ix86+x86_64 | 0.1.0 | 18.00 | 91.00 | 109.00 | NOTE |
Version: 0.1.0
Check: LazyData
Result: NOTE
'LazyData' is specified without a 'data' directory
Flavors: r-devel-linux-x86_64-debian-clang, r-devel-linux-x86_64-debian-gcc, r-devel-linux-x86_64-fedora-clang, r-devel-linux-x86_64-fedora-gcc, r-devel-windows-x86_64, r-patched-linux-x86_64, r-release-linux-x86_64, r-release-macos-arm64, r-release-macos-x86_64, r-release-windows-x86_64, r-oldrel-macos-arm64, r-oldrel-macos-x86_64, r-oldrel-windows-ix86+x86_64