Last updated on 2023-04-01 12:56:27 CEST.
Flavor | Version | Tinstall | Tcheck | Ttotal | Status | Flags |
---|---|---|---|---|---|---|
r-devel-linux-x86_64-debian-clang | 0.1.0 | 3.33 | 32.08 | 35.41 | NOTE | |
r-devel-linux-x86_64-debian-gcc | 0.1.0 | 2.86 | 25.06 | 27.92 | NOTE | |
r-devel-linux-x86_64-fedora-clang | 0.1.0 | 44.59 | NOTE | |||
r-devel-linux-x86_64-fedora-gcc | 0.1.0 | 54.83 | NOTE | |||
r-devel-windows-x86_64 | 0.1.0 | 13.00 | 67.00 | 80.00 | NOTE | |
r-patched-linux-x86_64 | 0.1.0 | 3.40 | 31.16 | 34.56 | NOTE | |
r-release-linux-x86_64 | 0.1.0 | 2.54 | 32.32 | 34.86 | NOTE | |
r-release-macos-arm64 | 0.1.0 | 20.00 | NOTE | |||
r-release-macos-x86_64 | 0.1.0 | 28.00 | NOTE | |||
r-release-windows-x86_64 | 0.1.0 | 28.00 | 73.00 | 101.00 | NOTE | |
r-oldrel-macos-arm64 | 0.1.0 | 160.00 | NOTE | |||
r-oldrel-macos-x86_64 | 0.1.0 | 29.00 | NOTE | |||
r-oldrel-windows-ix86+x86_64 | 0.1.0 | 11.00 | 61.00 | 72.00 | NOTE |
Version: 0.1.0
Check: LazyData
Result: NOTE
'LazyData' is specified without a 'data' directory
Flavors: r-devel-linux-x86_64-debian-clang, r-devel-linux-x86_64-debian-gcc, r-devel-linux-x86_64-fedora-clang, r-devel-linux-x86_64-fedora-gcc, r-devel-windows-x86_64, r-patched-linux-x86_64, r-release-linux-x86_64, r-release-macos-arm64, r-release-macos-x86_64, r-release-windows-x86_64, r-oldrel-macos-arm64, r-oldrel-macos-x86_64, r-oldrel-windows-ix86+x86_64
Version: 0.1.0
Check: installed package size
Result: NOTE
installed size is 5.6Mb
sub-directories of 1Mb or more:
doc 2.7Mb
htmlwidgets 2.8Mb
Flavors: r-devel-linux-x86_64-fedora-clang, r-devel-windows-x86_64, r-release-macos-arm64, r-release-macos-x86_64, r-release-windows-x86_64, r-oldrel-macos-arm64, r-oldrel-macos-x86_64, r-oldrel-windows-ix86+x86_64