Last updated on 2025-01-19 06:48:23 CET.
Flavor | Version | Tinstall | Tcheck | Ttotal | Status | Flags |
---|---|---|---|---|---|---|
r-devel-linux-x86_64-debian-clang | 1.0.3 | 103.01 | 82.04 | 185.05 | OK | |
r-devel-linux-x86_64-debian-gcc | 1.0.3 | 72.46 | 55.51 | 127.97 | OK | |
r-devel-linux-x86_64-fedora-clang | 1.0.3 | 338.64 | OK | |||
r-devel-linux-x86_64-fedora-gcc | 1.0.3 | 372.19 | OK | |||
r-devel-windows-x86_64 | 1.0.3 | 103.00 | 124.00 | 227.00 | OK | |
r-patched-linux-x86_64 | 1.0.3 | 102.21 | 77.33 | 179.54 | OK | |
r-release-linux-x86_64 | 1.0.3 | 97.42 | 77.17 | 174.59 | OK | |
r-release-macos-arm64 | 1.0.3 | 83.00 | NOTE | |||
r-release-macos-x86_64 | 1.0.3 | 96.00 | NOTE | |||
r-release-windows-x86_64 | 1.0.3 | 101.00 | 127.00 | 228.00 | OK | |
r-oldrel-macos-arm64 | 1.0.3 | 91.00 | NOTE | |||
r-oldrel-macos-x86_64 | 1.0.3 | 124.00 | NOTE | |||
r-oldrel-windows-x86_64 | 1.0.3 | 110.00 | 148.00 | 258.00 | OK |
Version: 1.0.3
Check: installed package size
Result: NOTE
installed size is 11.9Mb
sub-directories of 1Mb or more:
libs 11.4Mb
Flavors: r-release-macos-arm64, r-release-macos-x86_64, r-oldrel-macos-arm64, r-oldrel-macos-x86_64