Last updated on 2024-04-19 11:56:48 CEST.
Flavor | Version | Tinstall | Tcheck | Ttotal | Status | Flags |
---|---|---|---|---|---|---|
r-devel-linux-x86_64-debian-clang | 1.0.3 | 160.56 | 108.33 | 268.89 | OK | |
r-devel-linux-x86_64-debian-gcc | 1.0.3 | OK | ||||
r-devel-linux-x86_64-fedora-clang | 1.0.3 | 375.63 | OK | |||
r-devel-linux-x86_64-fedora-gcc | 1.0.3 | 401.86 | OK | |||
r-prerel-macos-arm64 | 1.0.3 | 83.00 | NOTE | |||
r-prerel-windows-x86_64 | 1.0.3 | 120.00 | 130.00 | 250.00 | OK | |
r-patched-linux-x86_64 | 1.0.3 | 113.87 | 102.68 | 216.55 | OK | |
r-release-linux-x86_64 | 1.0.3 | 118.93 | 101.14 | 220.07 | OK | |
r-release-macos-arm64 | 1.0.3 | 91.00 | NOTE | |||
r-release-macos-x86_64 | 1.0.3 | 124.00 | NOTE | |||
r-release-windows-x86_64 | 1.0.3 | 149.00 | 147.00 | 296.00 | OK | |
r-oldrel-macos-arm64 | 1.0.3 | 76.00 | NOTE | |||
r-oldrel-windows-x86_64 | 1.0.3 | 142.00 | 142.00 | 284.00 | OK |
Version: 1.0.3
Check: installed package size
Result: NOTE
installed size is 11.9Mb
sub-directories of 1Mb or more:
libs 11.4Mb
Flavors: r-prerel-macos-arm64, r-release-macos-arm64, r-release-macos-x86_64, r-oldrel-macos-arm64