CRAN Package Check Results for Package haven

Last updated on 2020-05-26 03:48:21 CEST.

Flavor Version Tinstall Tcheck Ttotal Status Flags
r-devel-linux-x86_64-debian-clang 2.2.0 57.68 46.90 104.58 NOTE
r-devel-linux-x86_64-debian-gcc 2.3.0 41.49 37.38 78.87 NOTE
r-devel-linux-x86_64-fedora-clang 2.3.0 155.16 NOTE
r-devel-linux-x86_64-fedora-gcc 2.3.0 126.50 NOTE
r-devel-windows-ix86+x86_64 2.2.0 164.00 104.00 268.00 WARN
r-patched-linux-x86_64 2.3.0 41.04 47.06 88.10 NOTE
r-patched-solaris-x86 2.3.0 139.00 WARN
r-release-linux-x86_64 2.2.0 43.65 45.25 88.90 NOTE
r-release-osx-x86_64 2.2.0 NOTE
r-release-windows-ix86+x86_64 2.2.0 164.00 139.00 303.00 WARN
r-oldrel-osx-x86_64 2.3.0 NOTE
r-oldrel-windows-ix86+x86_64 2.3.0 161.00 120.00 281.00 NOTE

Check Details

Version: 2.2.0
Check: for GNU extensions in Makefiles
Result: NOTE
    GNU make is a SystemRequirements.
Flavors: r-devel-linux-x86_64-debian-clang, r-devel-windows-ix86+x86_64, r-release-linux-x86_64, r-release-osx-x86_64, r-release-windows-ix86+x86_64

Version: 2.3.0
Check: for GNU extensions in Makefiles
Result: NOTE
    GNU make is a SystemRequirements.
Flavors: r-devel-linux-x86_64-debian-gcc, r-devel-linux-x86_64-fedora-clang, r-devel-linux-x86_64-fedora-gcc, r-patched-linux-x86_64, r-patched-solaris-x86, r-oldrel-osx-x86_64, r-oldrel-windows-ix86+x86_64

Version: 2.3.0
Check: dependencies in R code
Result: NOTE
    Namespace in Imports field not imported from: ‘methods’
     All declared Imports should be used.
Flavors: r-devel-linux-x86_64-fedora-clang, r-devel-linux-x86_64-fedora-gcc, r-patched-solaris-x86, r-oldrel-osx-x86_64

Version: 2.2.0
Check: whether package can be installed
Result: WARN
    Found the following significant warnings:
     readstat/readstat_convert.c:18:42: warning: passing argument 2 of 'libiconv' from incompatible pointer type [-Wincompatible-pointer-types]
     src/spss/readstat_sav_parse.rl:89:17: warning: passing argument 2 of 'libiconv' from incompatible pointer type [-Wincompatible-pointer-types]
     src/spss/readstat_sav_parse.rl:197:17: warning: passing argument 2 of 'libiconv' from incompatible pointer type [-Wincompatible-pointer-types]
Flavors: r-devel-windows-ix86+x86_64, r-release-windows-ix86+x86_64

Version: 2.3.0
Check: whether package can be installed
Result: WARN
    Found the following significant warnings:
     readstat/readstat_convert.c:18:42: warning: passing argument 2 of ‘libiconv’ from incompatible pointer type [-Wincompatible-pointer-types]
     src/spss/readstat_sav_parse.rl:89:17: warning: passing argument 2 of ‘libiconv’ from incompatible pointer type [-Wincompatible-pointer-types]
     src/spss/readstat_sav_parse.rl:197:17: warning: passing argument 2 of ‘libiconv’ from incompatible pointer type [-Wincompatible-pointer-types]
Flavor: r-patched-solaris-x86