Last updated on 2024-04-23 21:54:47 CEST.
Flavor | Version | Tinstall | Tcheck | Ttotal | Status | Flags |
---|---|---|---|---|---|---|
r-devel-linux-x86_64-debian-clang | 1.2.0 | 80.00 | 217.67 | 297.67 | OK | |
r-devel-linux-x86_64-debian-gcc | 1.2.0 | 62.87 | 163.07 | 225.94 | OK | |
r-devel-linux-x86_64-fedora-clang | 1.2.0 | 419.55 | NOTE | |||
r-devel-linux-x86_64-fedora-gcc | 1.2.0 | 418.16 | OK | |||
r-prerel-macos-arm64 | 1.2.0 | 110.00 | NOTE | |||
r-prerel-windows-x86_64 | 1.2.0 | 67.00 | 197.00 | 264.00 | NOTE | |
r-patched-linux-x86_64 | 1.2.0 | 79.36 | 214.47 | 293.83 | OK | |
r-release-linux-x86_64 | 1.2.0 | 64.83 | 211.12 | 275.95 | OK | |
r-release-macos-arm64 | 1.2.0 | 108.00 | NOTE | |||
r-release-macos-x86_64 | 1.2.0 | 231.00 | NOTE | |||
r-release-windows-x86_64 | 1.2.0 | 89.00 | 237.00 | 326.00 | NOTE | |
r-oldrel-macos-arm64 | 1.2.0 | 121.00 | NOTE | |||
r-oldrel-windows-x86_64 | 1.2.0 | 82.00 | 237.00 | 319.00 | NOTE |
Version: 1.2.0
Check: installed package size
Result: NOTE
installed size is 6.2Mb
sub-directories of 1Mb or more:
data 2.7Mb
doc 2.6Mb
Flavors: r-devel-linux-x86_64-fedora-clang, r-prerel-macos-arm64, r-prerel-windows-x86_64, r-release-macos-arm64, r-release-macos-x86_64, r-release-windows-x86_64, r-oldrel-macos-arm64, r-oldrel-windows-x86_64