Last updated on 2024-04-24 12:56:36 CEST.
Flavor | Version | Tinstall | Tcheck | Ttotal | Status | Flags |
---|---|---|---|---|---|---|
r-devel-linux-x86_64-debian-clang | 0.2.2 | 30.55 | 320.78 | 351.33 | OK | |
r-devel-linux-x86_64-debian-gcc | 0.2.2 | 24.28 | 220.14 | 244.42 | OK | |
r-devel-linux-x86_64-fedora-clang | 0.2.2 | 428.36 | NOTE | |||
r-devel-linux-x86_64-fedora-gcc | 0.2.2 | 416.94 | NOTE | |||
r-devel-windows-x86_64 | 0.2.2 | 23.00 | 188.00 | 211.00 | OK | |
r-patched-linux-x86_64 | 0.2.2 | 28.61 | 299.37 | 327.98 | OK | |
r-release-linux-x86_64 | 0.2.2 | 21.74 | 293.89 | 315.63 | OK | |
r-release-macos-arm64 | 0.2.2 | 104.00 | OK | |||
r-release-windows-x86_64 | 0.2.2 | 23.00 | 192.00 | 215.00 | OK | |
r-oldrel-macos-arm64 | 0.2.2 | 103.00 | OK | |||
r-oldrel-macos-x86_64 | 0.2.2 | 258.00 | OK | |||
r-oldrel-windows-x86_64 | 0.2.2 | 33.00 | 241.00 | 274.00 | OK |
Version: 0.2.2
Check: data for non-ASCII characters
Result: NOTE
Note: found 7592 marked UTF-8 strings
Flavors: r-devel-linux-x86_64-fedora-clang, r-devel-linux-x86_64-fedora-gcc