CRAN Package Check Results for Package haploReconstruct

Last updated on 2020-09-24 12:50:42 CEST.

Flavor Version Tinstall Tcheck Ttotal Status Flags
r-devel-linux-x86_64-debian-clang 0.1.2 11.49 57.27 68.76 OK
r-devel-linux-x86_64-debian-gcc 0.1.2 9.55 44.03 53.58 OK
r-devel-linux-x86_64-fedora-clang 0.1.2 90.90 NOTE
r-devel-linux-x86_64-fedora-gcc 0.1.2 80.85 OK
r-devel-windows-ix86+x86_64 0.1.2 23.00 77.00 100.00 NOTE
r-patched-linux-x86_64 0.1.2 11.73 52.38 64.11 OK
r-patched-solaris-x86 0.1.2 127.10 NOTE
r-release-linux-x86_64 0.1.2 11.08 53.00 64.08 OK
r-release-macos-x86_64 0.1.2 NOTE
r-release-windows-ix86+x86_64 0.1.2 21.00 85.00 106.00 NOTE
r-oldrel-macos-x86_64 0.1.2 NOTE
r-oldrel-windows-ix86+x86_64 0.1.2 16.00 77.00 93.00 NOTE

Check Details

Version: 0.1.2
Check: installed package size
Result: NOTE
     installed size is 9.9Mb
     sub-directories of 1Mb or more:
     data 9.4Mb
Flavors: r-devel-linux-x86_64-fedora-clang, r-devel-windows-ix86+x86_64, r-patched-solaris-x86, r-release-macos-x86_64, r-release-windows-ix86+x86_64, r-oldrel-macos-x86_64, r-oldrel-windows-ix86+x86_64