Last updated on 2023-03-22 12:53:50 CET.
Flavor | Version | Tinstall | Tcheck | Ttotal | Status | Flags |
---|---|---|---|---|---|---|
r-devel-linux-x86_64-debian-clang | 0.4.3 | 82.97 | 696.70 | 779.67 | OK | |
r-devel-linux-x86_64-debian-gcc | 0.4.3 | 64.09 | 505.11 | 569.20 | OK | |
r-devel-linux-x86_64-fedora-clang | 0.4.3 | 855.76 | OK | |||
r-devel-linux-x86_64-fedora-gcc | 0.4.3 | 940.85 | OK | |||
r-patched-linux-x86_64 | 0.4.3 | 66.95 | 636.17 | 703.12 | OK | |
r-release-linux-x86_64 | 0.4.3 | 70.52 | 629.49 | 700.01 | OK | |
r-release-macos-arm64 | 0.4.3 | 280.00 | OK | |||
r-release-macos-x86_64 | 0.4.3 | 306.00 | OK | |||
r-release-windows-x86_64 | 0.4.3 | 80.00 | 1120.00 | 1200.00 | OK | |
r-oldrel-macos-arm64 | 0.4.3 | 253.00 | NOTE | |||
r-oldrel-macos-x86_64 | 0.4.3 | 313.00 | OK | |||
r-oldrel-windows-ix86+x86_64 | 0.4.3 | 185.00 | 1339.00 | 1524.00 | WARN |
Version: 0.4.3
Check: installed package size
Result: NOTE
installed size is 5.5Mb
sub-directories of 1Mb or more:
libs 5.0Mb
Flavor: r-oldrel-macos-arm64
Version: 0.4.3
Check: for unstated dependencies in ‘tests’
Result: WARN
Warning: unable to access index for repository https://bioconductor.org/packages/3.14/bioc/src/contrib:
cannot open URL 'https://bioconductor.org/packages/3.14/bioc/src/contrib/PACKAGES'
Warning: unable to access index for repository https://bioconductor.org/packages/3.14/data/annotation/src/contrib:
cannot open URL 'https://bioconductor.org/packages/3.14/data/annotation/src/contrib/PACKAGES'
Warning: unable to access index for repository https://bioconductor.org/packages/3.14/data/experiment/src/contrib:
cannot open URL 'https://bioconductor.org/packages/3.14/data/experiment/src/contrib/PACKAGES'
Flavor: r-oldrel-windows-ix86+x86_64