CRAN Package Check Results for Package h2o

Last updated on 2020-07-16 03:46:36 CEST.

Flavor Version Tinstall Tcheck Ttotal Status Flags
r-devel-linux-x86_64-debian-clang 3.30.0.1 28.00 119.11 147.11 OK
r-devel-linux-x86_64-debian-gcc 3.30.0.1 20.83 89.79 110.62 OK
r-devel-linux-x86_64-fedora-clang 3.30.0.1 195.77 NOTE
r-devel-linux-x86_64-fedora-gcc 3.30.0.1 193.50 OK
r-devel-windows-ix86+x86_64 3.30.0.1 76.00 184.00 260.00 NOTE
r-patched-linux-x86_64 3.30.0.1 25.07 119.57 144.64 OK
r-patched-solaris-x86 3.30.0.1 207.20 NOTE
r-release-linux-x86_64 3.30.0.1 23.04 118.25 141.29 OK
r-release-windows-ix86+x86_64 3.30.0.1 78.00 143.00 221.00 NOTE
r-oldrel-macos-x86_64 3.30.0.1 NOTE
r-oldrel-windows-ix86+x86_64 3.30.0.1 71.00 181.00 252.00 NOTE

Check Details

Version: 3.30.0.1
Check: installed package size
Result: NOTE
     installed size is 134.4Mb
     sub-directories of 1Mb or more:
     R 1.1Mb
     java 132.1Mb
Flavors: r-devel-linux-x86_64-fedora-clang, r-devel-windows-ix86+x86_64, r-patched-solaris-x86, r-release-windows-ix86+x86_64, r-oldrel-macos-x86_64, r-oldrel-windows-ix86+x86_64

Version: 3.30.0.1
Check: Rd cross-references
Result: NOTE
    Undeclared package ‘plyr’ in Rd xrefs
Flavor: r-devel-linux-x86_64-fedora-clang