CRAN Package Check Results for Package gwfa

Last updated on 2020-06-06 06:47:42 CEST.

Flavor Version Tinstall Tcheck Ttotal Status Flags
r-devel-linux-x86_64-debian-clang 0.0.4 21.89 37.76 59.65 OK
r-devel-linux-x86_64-debian-gcc 0.0.4 16.87 28.80 45.67 OK
r-devel-linux-x86_64-fedora-clang 0.0.4 84.54 NOTE
r-devel-linux-x86_64-fedora-gcc 0.0.4 72.38 NOTE
r-devel-windows-ix86+x86_64 0.0.4 58.00 94.00 152.00 OK
r-patched-linux-x86_64 0.0.4 18.55 36.20 54.75 OK
r-patched-solaris-x86 0.0.4 93.70 OK
r-release-linux-x86_64 0.0.4 18.13 36.71 54.84 OK
r-release-osx-x86_64 0.0.4 OK
r-release-windows-ix86+x86_64 0.0.4 46.00 108.00 154.00 OK
r-oldrel-osx-x86_64 0.0.4 OK
r-oldrel-windows-ix86+x86_64 0.0.4 54.00 70.00 124.00 OK

Check Details

Version: 0.0.4
Check: compiled code
Result: NOTE
    File ‘gwfa/libs/gwfa.so’:
     Found no calls to: ‘R_registerRoutines’, ‘R_useDynamicSymbols’
    
    It is good practice to register native routines and to disable symbol
    search.
    
    See ‘Writing portable packages’ in the ‘Writing R Extensions’ manual.
Flavors: r-devel-linux-x86_64-fedora-clang, r-devel-linux-x86_64-fedora-gcc