Last updated on 2024-04-23 12:49:29 CEST.
Flavor | Version | Tinstall | Tcheck | Ttotal | Status | Flags |
---|---|---|---|---|---|---|
r-devel-linux-x86_64-debian-clang | 0.1.0 | 13.44 | 125.41 | 138.85 | NOTE | |
r-devel-linux-x86_64-debian-gcc | 0.1.0 | 12.49 | 93.84 | 106.33 | NOTE | |
r-devel-linux-x86_64-fedora-clang | 0.1.0 | 178.25 | NOTE | |||
r-devel-linux-x86_64-fedora-gcc | 0.1.0 | 173.93 | NOTE | |||
r-prerel-macos-arm64 | 0.1.0 | 49.00 | NOTE | |||
r-prerel-windows-x86_64 | 0.1.0 | 15.00 | 102.00 | 117.00 | NOTE | |
r-patched-linux-x86_64 | 0.1.0 | 11.72 | 122.09 | 133.81 | NOTE | |
r-release-linux-x86_64 | 0.1.0 | 16.93 | 118.93 | 135.86 | NOTE | |
r-release-macos-arm64 | 0.1.0 | 48.00 | NOTE | |||
r-release-macos-x86_64 | 0.1.0 | 76.00 | NOTE | |||
r-release-windows-x86_64 | 0.1.0 | 14.00 | 125.00 | 139.00 | NOTE | |
r-oldrel-macos-arm64 | 0.1.0 | 49.00 | NOTE | |||
r-oldrel-windows-x86_64 | 0.1.0 | 21.00 | 126.00 | 147.00 | NOTE |
Version: 0.1.0
Check: LazyData
Result: NOTE
'LazyData' is specified without a 'data' directory
Flavors: r-devel-linux-x86_64-debian-clang, r-devel-linux-x86_64-debian-gcc, r-devel-linux-x86_64-fedora-clang, r-devel-linux-x86_64-fedora-gcc, r-prerel-macos-arm64, r-prerel-windows-x86_64, r-patched-linux-x86_64, r-release-linux-x86_64, r-release-macos-arm64, r-release-macos-x86_64, r-release-windows-x86_64, r-oldrel-macos-arm64, r-oldrel-windows-x86_64