Last updated on 2024-04-27 21:20:21 CEST.
Flavor | Version | Tinstall | Tcheck | Ttotal | Status | Flags |
---|---|---|---|---|---|---|
r-devel-linux-x86_64-debian-clang | 1.0.0 | 2.09 | 21.37 | 23.46 | OK | |
r-devel-linux-x86_64-debian-gcc | 1.0.0 | 1.62 | 16.36 | 17.98 | OK | |
r-devel-linux-x86_64-fedora-clang | 1.0.0 | 29.24 | NOTE | |||
r-devel-linux-x86_64-fedora-gcc | 1.0.0 | 27.49 | NOTE | |||
r-devel-windows-x86_64 | 1.0.0 | 3.00 | 38.00 | 41.00 | OK | |
r-patched-linux-x86_64 | 1.0.0 | 2.15 | 20.02 | 22.17 | OK | |
r-release-linux-x86_64 | 1.0.0 | 2.00 | 19.87 | 21.87 | OK | |
r-release-macos-arm64 | 1.0.0 | 14.00 | OK | |||
r-release-windows-x86_64 | 1.0.0 | 2.00 | 37.00 | 39.00 | OK | |
r-oldrel-macos-arm64 | 1.0.0 | 16.00 | OK | |||
r-oldrel-macos-x86_64 | 1.0.0 | 18.00 | OK | |||
r-oldrel-windows-x86_64 | 1.0.0 | 3.00 | 38.00 | 41.00 | OK |
Version: 1.0.0
Check: dependencies in R code
Result: NOTE
Namespace in Imports field not imported from: ‘RUnit’
All declared Imports should be used.
Flavors: r-devel-linux-x86_64-fedora-clang, r-devel-linux-x86_64-fedora-gcc