CRAN Package Check Results for Package guardianapi

Last updated on 2022-09-26 03:56:08 CEST.

Flavor Version Tinstall Tcheck Ttotal Status Flags
r-devel-linux-x86_64-debian-clang 0.1.1 6.66 56.74 63.40 NOTE
r-devel-linux-x86_64-debian-gcc 0.1.1 4.81 42.53 47.34 NOTE
r-devel-linux-x86_64-fedora-clang 0.1.1 85.34 NOTE
r-devel-linux-x86_64-fedora-gcc 0.1.1 95.38 NOTE
r-devel-windows-x86_64 0.1.1 16.00 84.00 100.00 NOTE
r-patched-linux-x86_64 0.1.1 5.46 53.09 58.55 NOTE
r-release-linux-x86_64 0.1.1 4.54 52.98 57.52 NOTE
r-release-macos-arm64 0.1.1 28.00 NOTE
r-release-macos-x86_64 0.1.1 46.00 NOTE
r-release-windows-x86_64 0.1.1 25.00 83.00 108.00 NOTE
r-oldrel-macos-arm64 0.1.1 29.00 NOTE
r-oldrel-macos-x86_64 0.1.1 41.00 NOTE
r-oldrel-windows-ix86+x86_64 0.1.1 14.00 78.00 92.00 NOTE

Check Details

Version: 0.1.1
Check: LazyData
Result: NOTE
     'LazyData' is specified without a 'data' directory
Flavors: r-devel-linux-x86_64-debian-clang, r-devel-linux-x86_64-debian-gcc, r-devel-linux-x86_64-fedora-clang, r-devel-linux-x86_64-fedora-gcc, r-devel-windows-x86_64, r-patched-linux-x86_64, r-release-linux-x86_64, r-release-macos-arm64, r-release-macos-x86_64, r-release-windows-x86_64, r-oldrel-macos-arm64, r-oldrel-macos-x86_64, r-oldrel-windows-ix86+x86_64