CRAN Package Check Results for Package gtools

Last updated on 2020-01-19 06:48:34 CET.

Flavor Version Tinstall Tcheck Ttotal Status Flags
r-devel-linux-x86_64-debian-clang 3.8.1 4.41 112.75 117.16 NOTE
r-devel-linux-x86_64-debian-gcc 3.8.1 3.66 83.55 87.21 NOTE
r-devel-linux-x86_64-fedora-clang 3.8.1 137.69 NOTE
r-devel-linux-x86_64-fedora-gcc 3.8.1 128.12 NOTE
r-devel-windows-ix86+x86_64 3.8.1 20.00 81.00 101.00 NOTE
r-devel-windows-ix86+x86_64-gcc8 3.8.1 15.00 100.00 115.00 NOTE
r-patched-linux-x86_64 3.8.1 3.49 103.14 106.63 NOTE
r-patched-solaris-x86 3.8.1 73.30 NOTE
r-release-linux-x86_64 3.8.1 3.77 103.26 107.03 NOTE
r-release-windows-ix86+x86_64 3.8.1 11.00 96.00 107.00 NOTE
r-release-osx-x86_64 3.8.1 NOTE
r-oldrel-windows-ix86+x86_64 3.8.1 12.00 64.00 76.00 NOTE
r-oldrel-osx-x86_64 3.8.1 NOTE

Check Details

Version: 3.8.1
Check: R code for possible problems
Result: NOTE
    Found the following possibly unsafe calls:
    File 'gtools/R/unByteCode.R':
     unlockBinding(name, env = env)
Flavors: r-devel-linux-x86_64-debian-clang, r-devel-linux-x86_64-debian-gcc, r-devel-linux-x86_64-fedora-clang, r-devel-linux-x86_64-fedora-gcc, r-devel-windows-ix86+x86_64, r-devel-windows-ix86+x86_64-gcc8, r-patched-linux-x86_64, r-patched-solaris-x86, r-release-linux-x86_64, r-release-windows-ix86+x86_64, r-release-osx-x86_64, r-oldrel-windows-ix86+x86_64, r-oldrel-osx-x86_64