CRAN Package Check Results for Package gtfstools

Last updated on 2022-01-24 12:52:12 CET.

Flavor Version Tinstall Tcheck Ttotal Status Flags
r-devel-linux-x86_64-debian-clang 1.0.0 9.76 104.20 113.96 OK
r-devel-linux-x86_64-debian-gcc 1.0.0 5.05 69.92 74.97 OK
r-devel-linux-x86_64-fedora-clang 1.0.0 125.96 NOTE
r-devel-linux-x86_64-fedora-gcc 1.0.0 103.66 NOTE
r-devel-windows-x86_64-new-UL 1.0.0 48.00 151.00 199.00 OK
r-devel-windows-x86_64-new-TK 1.0.0 NOTE
r-patched-linux-x86_64 1.0.0 9.34 86.85 96.19 OK
r-release-linux-x86_64 1.0.0 9.29 86.60 95.89 OK
r-release-macos-arm64 1.0.0 NOTE
r-release-macos-x86_64 1.0.0 NOTE
r-release-windows-ix86+x86_64 1.0.0 23.00 154.00 177.00 OK
r-oldrel-macos-x86_64 1.0.0 NOTE
r-oldrel-windows-ix86+x86_64 1.0.0 23.00 157.00 180.00 OK

Check Details

Version: 1.0.0
Check: dependencies in R code
Result: NOTE
    Namespace in Imports field not imported from: ‘utils’
     All declared Imports should be used.
Flavors: r-devel-linux-x86_64-fedora-clang, r-devel-linux-x86_64-fedora-gcc, r-devel-windows-x86_64-new-TK, r-release-macos-arm64, r-release-macos-x86_64, r-oldrel-macos-x86_64