Last updated on 2024-03-29 04:05:54 CET.
Flavor | Version | Tinstall | Tcheck | Ttotal | Status | Flags |
---|---|---|---|---|---|---|
r-devel-linux-x86_64-debian-clang | 0.1.2 | 89.46 | 115.51 | 204.97 | OK | |
r-devel-linux-x86_64-debian-gcc | 0.1.2 | 65.78 | 89.57 | 155.35 | OK | |
r-devel-linux-x86_64-fedora-clang | 0.1.2 | 283.54 | NOTE | |||
r-devel-linux-x86_64-fedora-gcc | 0.1.2 | 288.24 | OK | |||
r-devel-windows-x86_64 | 0.1.2 | 61.00 | 138.00 | 199.00 | NOTE | |
r-patched-linux-x86_64 | 0.1.2 | 82.03 | 116.46 | 198.49 | OK | |
r-release-linux-x86_64 | 0.1.2 | 82.81 | 113.88 | 196.69 | OK | |
r-release-macos-arm64 | 0.1.2 | 77.00 | NOTE | |||
r-release-macos-x86_64 | 0.1.2 | 166.00 | NOTE | |||
r-release-windows-x86_64 | 0.1.2 | 60.00 | 158.00 | 218.00 | NOTE | |
r-oldrel-macos-arm64 | 0.1.2 | 90.00 | NOTE | |||
r-oldrel-windows-x86_64 | 0.1.2 | 74.00 | 166.00 | 240.00 | NOTE |
Version: 0.1.2
Check: installed package size
Result: NOTE
installed size is 5.1Mb
sub-directories of 1Mb or more:
doc 4.1Mb
Flavors: r-devel-linux-x86_64-fedora-clang, r-devel-windows-x86_64, r-release-macos-arm64, r-release-macos-x86_64, r-release-windows-x86_64, r-oldrel-macos-arm64, r-oldrel-windows-x86_64