Last updated on 2023-11-29 05:52:19 CET.
Flavor | Version | Tinstall | Tcheck | Ttotal | Status | Flags |
---|---|---|---|---|---|---|
r-devel-linux-x86_64-debian-clang | 1.2-3 | 6.98 | 64.23 | 71.21 | NOTE | |
r-devel-linux-x86_64-debian-gcc | 1.2-3 | 6.66 | 50.46 | 57.12 | NOTE | |
r-devel-linux-x86_64-fedora-clang | 1.2-3 | 90.47 | OK | |||
r-devel-linux-x86_64-fedora-gcc | 1.2-3 | 86.38 | OK | |||
r-devel-windows-x86_64 | 1.2-3 | 9.00 | 71.00 | 80.00 | OK | |
r-patched-linux-x86_64 | 1.2-3 | 8.00 | 64.83 | 72.83 | OK | |
r-release-linux-x86_64 | 1.2-3 | 8.90 | 64.92 | 73.82 | OK | |
r-release-macos-arm64 | 1.2-3 | 33.00 | OK | |||
r-release-macos-x86_64 | 1.2-3 | 54.00 | OK | |||
r-release-windows-x86_64 | 1.2-3 | 12.00 | 75.00 | 87.00 | OK | |
r-oldrel-macos-arm64 | 1.2-3 | 35.00 | OK | |||
r-oldrel-macos-x86_64 | 1.2-3 | 43.00 | OK | |||
r-oldrel-windows-x86_64 | 1.2-3 | 11.00 | 84.00 | 95.00 | OK |
Version: 1.2-3
Check: Rd files
Result: NOTE
checkRd: (-1) gte.Rd:98: Lost braces; missing escapes or markup?
98 | \code{left} and {right} for illustrative purpose), one would need a third variable (\code{status}) taking the value 0
| ^
Flavors: r-devel-linux-x86_64-debian-clang, r-devel-linux-x86_64-debian-gcc