CRAN Package Check Results for Package gsw

Last updated on 2022-10-06 21:49:54 CEST.

Flavor Version Tinstall Tcheck Ttotal Status Flags
r-devel-linux-x86_64-debian-clang 1.0-6 15.03 70.85 85.88 NOTE
r-devel-linux-x86_64-debian-gcc 1.0-6 11.96 54.18 66.14 NOTE
r-devel-linux-x86_64-fedora-clang 1.0-6 114.54 WARN
r-devel-linux-x86_64-fedora-gcc 1.0-6 113.64 WARN
r-devel-windows-x86_64 1.0-6 99.00 142.00 241.00 NOTE
r-patched-linux-x86_64 1.0-6 18.14 59.97 78.11 OK
r-release-linux-x86_64 1.0-6 12.43 60.00 72.43 OK
r-release-macos-arm64 1.0-6 32.00 OK
r-release-macos-x86_64 1.0-6 47.00 OK
r-release-windows-x86_64 1.0-6 93.00 111.00 204.00 OK
r-oldrel-macos-arm64 1.0-6 40.00 OK
r-oldrel-macos-x86_64 1.0-6 63.00 OK
r-oldrel-windows-ix86+x86_64 1.0-6 38.00 116.00 154.00 OK

Check Details

Version: 1.0-6
Check: package subdirectories
Result: NOTE
    Problems with news in 'NEWS.md':
    No news entries found.
Flavors: r-devel-linux-x86_64-debian-clang, r-devel-linux-x86_64-debian-gcc, r-devel-linux-x86_64-fedora-clang, r-devel-linux-x86_64-fedora-gcc, r-devel-windows-x86_64

Version: 1.0-6
Check: whether package can be installed
Result: WARN
    Found the following significant warnings:
     wrappers.c:67:20: warning: a function declaration without a prototype is deprecated in all versions of C [-Wstrict-prototypes]
Flavor: r-devel-linux-x86_64-fedora-clang

Version: 1.0-6
Check: whether package can be installed
Result: WARN
    Found the following significant warnings:
     wrappers.c:67:6: warning: function declaration isn’t a prototype [-Wstrict-prototypes]
Flavor: r-devel-linux-x86_64-fedora-gcc