CRAN Package Check Results for Package gstat

Last updated on 2022-01-27 12:53:50 CET.

Flavor Version Tinstall Tcheck Ttotal Status Flags
r-devel-linux-x86_64-debian-clang 2.0-8 25.13 219.78 244.91 OK
r-devel-linux-x86_64-debian-gcc 2.0-8 19.01 170.00 189.01 OK
r-devel-linux-x86_64-fedora-clang 2.0-8 311.39 OK
r-devel-linux-x86_64-fedora-gcc 2.0-8 294.66 OK
r-devel-windows-x86_64-new-UL 2.0-8 142.00 322.00 464.00 OK
r-devel-windows-x86_64-new-TK 2.0-8 OK
r-patched-linux-x86_64 2.0-8 21.39 216.25 237.64 OK
r-release-linux-x86_64 2.0-8 21.21 213.74 234.95 OK
r-release-macos-arm64 2.0-8 OK
r-release-macos-x86_64 2.0-8 OK
r-release-windows-ix86+x86_64 2.0-8 58.00 402.00 460.00 OK
r-oldrel-macos-x86_64 2.0-8 OK
r-oldrel-windows-ix86+x86_64 2.0-8 60.00 311.00 371.00 ERROR

Check Details

Version: 2.0-8
Check: running tests for arch ‘x64’
Result: ERROR
     Running 'allier.R' [2s]
     Comparing 'allier.Rout' to 'allier.Rout.save' ... OK
     Running 'blockkr.R' [2s]
     Comparing 'blockkr.Rout' to 'blockkr.Rout.save' ... OK
     Running 'covtable.R' [2s]
     Comparing 'covtable.Rout' to 'covtable.Rout.save' ... OK
     Running 'cv.R' [2s]
     Comparing 'cv.Rout' to 'cv.Rout.save' ... OK
     Running 'cv3d.R' [3s]
     Comparing 'cv3d.Rout' to 'cv3d.Rout.save' ... OK
     Running 'fit.R' [2s]
     Comparing 'fit.Rout' to 'fit.Rout.save' ... OK
     Running 'krige0.R' [4s]
     Comparing 'krige0.Rout' to 'krige0.Rout.save' ... OK
     Running 'line.R' [3s]
     Comparing 'line.Rout' to 'line.Rout.save' ... OK
     Running 'merge.R' [2s]
     Comparing 'merge.Rout' to 'merge.Rout.save' ... OK
     Running 'na.action.R' [2s]
     Comparing 'na.action.Rout' to 'na.action.Rout.save' ... OK
     Running 'rings.R' [2s]
     Comparing 'rings.Rout' to 'rings.Rout.save' ... OK
     Running 'sim.R' [2s]
     Comparing 'sim.Rout' to 'sim.Rout.save' ... OK
     Running 'stars.R' [18s]
     Comparing 'stars.Rout' to 'stars.Rout.save' ...307c307
    < time 1 4 2019-02-25 15:37:25 CET 1 secs POSIXct NA NULL
    ---
    > time 1 4 2019-02-25 15:37:25 UTC 1 secs POSIXct NA NULL
    375a376
    > downsample set to c(0,0,1)
    479,480c480,481
    < [1] "2019-02-25 15:37:26 CET" "2019-02-25 15:37:27 CET"
    < [3] "2019-02-25 15:37:28 CET" "2019-02-25 15:37:29 CET"
    ---
    > [1] "2019-02-25 15:37:26 UTC" "2019-02-25 15:37:27 UTC"
    > [3] "2019-02-25 15:37:28 UTC" "2019-02-25 15:37:29 UTC"
    493c494
    < time 1 4 2019-02-25 15:37:25 CET 1 secs POSIXct NA NULL
    ---
    > time 1 4 2019-02-25 15:37:25 UTC 1 secs POSIXct NA NULL
    494a496
    > downsample set to c(0,0,1)
    514,515c516,517
    < zinc 101.7643 199.48523 300.2140 399.7954 544.0229 1817.2057 25045
    < lead 32.7799 73.01782 107.9339 133.1702 178.8162 638.9396 25045
    ---
    > zinc 101.7643 199.59256 300.2140 399.8017 544.0327 1817.2057 25045
    > lead 32.7799 73.03151 107.9339 133.1725 178.8162 638.9396 25045
     Running 'unproj.R' [5s]
     Comparing 'unproj.Rout' to 'unproj.Rout.save' ... OK
     Running 'variogram.R' [2s]
     Comparing 'variogram.Rout' to 'variogram.Rout.save' ... OK
     Running 'vdist.R' [2s]
     Comparing 'vdist.Rout' to 'vdist.Rout.save' ...23c23
    < 1500 (180260, 331300) 5.641176 1.100095
    ---
    > 1500 (180260, 331300) 5.50671 1.100095
     Running 'windst.R' [2s]
    Running the tests in 'tests/windst.R' failed.
    Complete output:
     > suppressPackageStartupMessages(library(sp))
     > suppressPackageStartupMessages(library(spacetime))
     > suppressPackageStartupMessages(library(gstat))
     > suppressPackageStartupMessages(library(stars))
     Error: package or namespace load failed for 'sf' in loadNamespace(j <- i[[1L]], c(lib.loc, .libPaths()), versionCheck = vI[[j]]):
     there is no package called 'classInt'
     Error: package 'sf' could not be loaded
     Execution halted
Flavor: r-oldrel-windows-ix86+x86_64

Version: 2.0-8
Check: re-building of vignette outputs
Result: WARN
    Error(s) in re-building vignettes:
    --- re-building 'gstat.Rnw' using Sweave
    
    Error: processing vignette 'gstat.Rnw' failed with diagnostics:
     chunk 1
    Error in library(sp) : there is no package called 'sp'
    
    --- failed re-building 'gstat.Rnw'
    
    --- re-building 'prs.Rnw' using Sweave
    
    Error: processing vignette 'prs.Rnw' failed with diagnostics:
     chunk 1
    Error in library(gstat) : there is no package called 'gstat'
    
    --- failed re-building 'prs.Rnw'
    
    Warning in gzfile(file, "rb") :
     cannot open compressed file 'D:/temp/RtmpyQbMqU/file9f58384db03.rds', probable reason 'No such file or directory'
    Error in gzfile(file, "rb") : cannot open the connection
    Calls: <Anonymous> -> readRDS -> gzfile
    Execution halted
    --- re-building 'st.Rnw' using Sweave
    
    Error: processing vignette 'st.Rnw' failed with diagnostics:
     chunk 1
    Error in library(spacetime) : there is no package called 'spacetime'
    
    --- failed re-building 'st.Rnw'
    
    SUMMARY: processing the following files failed:
     'gstat.Rnw' 'prs.Rnw' 'spatio-temporal-kriging.Rnw' 'st.Rnw'
    
    Error: Vignette re-building failed.
    Execution halted
Flavor: r-oldrel-windows-ix86+x86_64