Last updated on 2024-03-29 04:05:54 CET.
Flavor | Version | Tinstall | Tcheck | Ttotal | Status | Flags |
---|---|---|---|---|---|---|
r-devel-linux-x86_64-debian-clang | 1.2.0 | 17.97 | 90.51 | 108.48 | OK | |
r-devel-linux-x86_64-debian-gcc | 1.2.0 | 13.06 | 68.11 | 81.17 | OK | |
r-devel-linux-x86_64-fedora-clang | 1.2.0 | 135.61 | NOTE | |||
r-devel-linux-x86_64-fedora-gcc | 1.2.0 | 128.70 | OK | |||
r-devel-windows-x86_64 | 1.2.0 | 18.00 | 94.00 | 112.00 | OK | |
r-patched-linux-x86_64 | 1.2.0 | 16.19 | 85.33 | 101.52 | OK | |
r-release-linux-x86_64 | 1.2.0 | 15.73 | 90.04 | 105.77 | OK | |
r-release-macos-arm64 | 1.2.0 | 51.00 | OK | |||
r-release-macos-x86_64 | 1.2.0 | 99.00 | OK | |||
r-release-windows-x86_64 | 1.2.0 | 18.00 | 114.00 | 132.00 | OK | |
r-oldrel-macos-arm64 | 1.2.0 | 48.00 | OK | |||
r-oldrel-windows-x86_64 | 1.2.0 | 28.00 | 114.00 | 142.00 | OK |
Version: 1.2.0
Check: installed package size
Result: NOTE
installed size is 5.4Mb
sub-directories of 1Mb or more:
libs 5.0Mb
Flavor: r-devel-linux-x86_64-fedora-clang