Last updated on 2023-10-04 20:42:29 CEST.
Flavor | Version | Tinstall | Tcheck | Ttotal | Status | Flags |
---|---|---|---|---|---|---|
r-devel-linux-x86_64-debian-clang | 0.1.2 | 66.29 | 480.51 | 546.80 | OK | |
r-devel-linux-x86_64-debian-gcc | 0.1.2 | 52.40 | 355.81 | 408.21 | OK | |
r-devel-linux-x86_64-fedora-clang | 0.1.2 | 710.70 | OK | |||
r-devel-linux-x86_64-fedora-gcc | 0.1.2 | 674.30 | OK | |||
r-devel-windows-x86_64 | 0.1.2 | 56.00 | 320.00 | 376.00 | OK | |
r-patched-linux-x86_64 | 0.1.2 | 58.50 | 450.18 | 508.68 | OK | |
r-release-linux-x86_64 | 0.1.2 | 51.42 | 458.06 | 509.48 | OK | |
r-release-macos-arm64 | 0.1.2 | 5.00 | ERROR | |||
r-release-macos-x86_64 | 0.1.2 | 328.00 | OK | |||
r-release-windows-x86_64 | 0.1.2 | 74.00 | 417.00 | 491.00 | OK | |
r-oldrel-macos-arm64 | 0.1.2 | 9.00 | ERROR | |||
r-oldrel-macos-x86_64 | 0.1.2 | 73.00 | ERROR | |||
r-oldrel-windows-x86_64 | 0.1.2 | 73.00 | 400.00 | 473.00 | OK |
Version: 0.1.2
Check: package dependencies
Result: ERROR
Package required but not available: ‘CelliD’
See section ‘The DESCRIPTION file’ in the ‘Writing R Extensions’
manual.
Flavors: r-release-macos-arm64, r-oldrel-macos-arm64, r-oldrel-macos-x86_64