CRAN Package Check Results for Package gsbm

Last updated on 2022-01-29 06:49:36 CET.

Flavor Version Tinstall Tcheck Ttotal Status Flags
r-devel-linux-x86_64-debian-clang 0.2.1 6.97 533.25 540.22 WARN
r-devel-linux-x86_64-debian-gcc 0.2.1 6.17 353.83 360.00 WARN
r-devel-linux-x86_64-fedora-clang 0.2.1 620.76 OK
r-devel-linux-x86_64-fedora-gcc 0.2.1 618.04 OK
r-devel-windows-x86_64-new-UL 0.2.1 36.00 550.00 586.00 OK
r-devel-windows-x86_64-new-TK 0.2.1 WARN
r-patched-linux-x86_64 0.2.1 6.28 511.51 517.79 OK
r-release-linux-x86_64 0.2.1 7.95 527.59 535.54 OK
r-release-macos-arm64 0.2.1 OK
r-release-macos-x86_64 0.2.1 OK
r-release-windows-ix86+x86_64 0.2.1 18.00 609.00 627.00 OK
r-oldrel-macos-x86_64 0.2.1 OK
r-oldrel-windows-ix86+x86_64 0.2.1 19.00 603.00 622.00 OK

Check Details

Version: 0.2.1
Check: package dependencies
Result: NOTE
    Package suggested but not available for checking: 'missSBM'
Flavors: r-devel-linux-x86_64-debian-clang, r-devel-linux-x86_64-debian-gcc, r-devel-windows-x86_64-new-TK

Version: 0.2.1
Check: re-building of vignette outputs
Result: WARN
    Error(s) in re-building vignettes:
     ...
    --- re-building 'PrimarySchool.Rmd' using rmarkdown
    --- finished re-building 'PrimarySchool.Rmd'
    
    --- re-building 'blogosphere.Rmd' using rmarkdown
    --- finished re-building 'blogosphere.Rmd'
    
    --- re-building 'les_miserables.Rmd' using rmarkdown
    Quitting from lines 18-22 (les_miserables.Rmd)
    Error: processing vignette 'les_miserables.Rmd' failed with diagnostics:
    there is no package called 'missSBM'
    --- failed re-building 'les_miserables.Rmd'
    
    SUMMARY: processing the following file failed:
     'les_miserables.Rmd'
    
    Error: Vignette re-building failed.
    Execution halted
Flavors: r-devel-linux-x86_64-debian-clang, r-devel-linux-x86_64-debian-gcc

Version: 0.2.1
Check: re-building of vignette outputs
Result: WARN
    Error(s) in re-building vignettes:
    --- re-building 'PrimarySchool.Rmd' using rmarkdown
    --- finished re-building 'PrimarySchool.Rmd'
    
    --- re-building 'blogosphere.Rmd' using rmarkdown
    --- finished re-building 'blogosphere.Rmd'
    
    --- re-building 'les_miserables.Rmd' using rmarkdown
    Quitting from lines 18-22 (les_miserables.Rmd)
    Error: processing vignette 'les_miserables.Rmd' failed with diagnostics:
    there is no package called 'missSBM'
    --- failed re-building 'les_miserables.Rmd'
    
    SUMMARY: processing the following file failed:
     'les_miserables.Rmd'
    
    Error: Vignette re-building failed.
    Execution halted
Flavor: r-devel-windows-x86_64-new-TK