CRAN Package Check Results for Package growth

Last updated on 2024-06-21 11:56:26 CEST.

Flavor Version Tinstall Tcheck Ttotal Status Flags
r-devel-linux-x86_64-debian-clang 1.1.1 9.44 40.80 50.24 NOTE
r-devel-linux-x86_64-debian-gcc 1.1.1 7.69 29.68 37.37 NOTE
r-devel-linux-x86_64-fedora-clang 1.1.1 64.04 NOTE
r-devel-linux-x86_64-fedora-gcc 1.1.1 60.48 NOTE
r-devel-windows-x86_64 1.1.1 11.00 51.00 62.00 NOTE
r-patched-linux-x86_64 1.1.1 9.90 38.74 48.64 NOTE
r-release-linux-x86_64 1.1.1 9.75 38.77 48.52 NOTE
r-release-macos-arm64 1.1.1 21.00 NOTE
r-release-macos-x86_64 1.1.1 33.00 NOTE
r-release-windows-x86_64 1.1.1 11.00 50.00 61.00 NOTE
r-oldrel-macos-arm64 1.1.1 23.00 NOTE
r-oldrel-macos-x86_64 1.1.1 38.00 NOTE
r-oldrel-windows-x86_64 1.1.1 12.00 55.00 67.00 NOTE

Check Details

Version: 1.1.1
Check: package subdirectories
Result: NOTE Problems with news in ‘NEWS.md’: No news entries found. Flavors: r-devel-linux-x86_64-debian-clang, r-devel-linux-x86_64-debian-gcc, r-devel-linux-x86_64-fedora-clang, r-devel-linux-x86_64-fedora-gcc, r-devel-windows-x86_64, r-patched-linux-x86_64, r-release-linux-x86_64, r-release-macos-arm64, r-release-macos-x86_64, r-release-windows-x86_64, r-oldrel-macos-arm64, r-oldrel-macos-x86_64, r-oldrel-windows-x86_64

Version: 1.1.1
Check: LazyData
Result: NOTE 'LazyData' is specified without a 'data' directory Flavors: r-devel-linux-x86_64-debian-clang, r-devel-linux-x86_64-debian-gcc, r-devel-linux-x86_64-fedora-clang, r-devel-linux-x86_64-fedora-gcc, r-devel-windows-x86_64, r-patched-linux-x86_64, r-release-linux-x86_64, r-release-macos-arm64, r-release-macos-x86_64, r-release-windows-x86_64, r-oldrel-macos-arm64, r-oldrel-macos-x86_64, r-oldrel-windows-x86_64

Version: 1.1.1
Check: Rd cross-references
Result: NOTE Undeclared packages ‘repeated’, ‘gnlm’ in Rd xrefs Flavor: r-devel-linux-x86_64-fedora-clang

Version: 1.1.1
Check: Rd cross-references
Result: NOTE Packages unavailable to check Rd xrefs: ‘repeated’, ‘gnlm’ Flavor: r-oldrel-macos-x86_64