Last updated on 2023-04-02 12:56:02 CEST.
Flavor | Version | Tinstall | Tcheck | Ttotal | Status | Flags |
---|---|---|---|---|---|---|
r-devel-linux-x86_64-debian-clang | 0.0.3 | 3.75 | 112.30 | 116.05 | OK | |
r-devel-linux-x86_64-debian-gcc | 0.0.3 | 2.15 | 77.27 | 79.42 | OK | |
r-devel-linux-x86_64-fedora-clang | 0.0.3 | 146.76 | NOTE | |||
r-devel-linux-x86_64-fedora-gcc | 0.0.3 | 158.15 | NOTE | |||
r-devel-windows-x86_64 | 0.0.3 | 6.00 | 142.00 | 148.00 | OK | |
r-patched-linux-x86_64 | 0.0.3 | 2.14 | 108.45 | 110.59 | OK | |
r-release-linux-x86_64 | 0.0.3 | 2.22 | 109.83 | 112.05 | OK | |
r-release-macos-arm64 | 0.0.3 | 43.00 | OK | |||
r-release-macos-x86_64 | 0.0.3 | 61.00 | NOTE | |||
r-release-windows-x86_64 | 0.0.3 | 23.00 | 142.00 | 165.00 | OK | |
r-oldrel-macos-arm64 | 0.0.3 | 38.00 | NOTE | |||
r-oldrel-macos-x86_64 | 0.0.3 | 74.00 | NOTE | |||
r-oldrel-windows-ix86+x86_64 | 0.0.3 | 7.00 | 149.00 | 156.00 | OK |
Version: 0.0.3
Check: dependencies in R code
Result: NOTE
Namespaces in Imports field not imported from:
‘MASS’ ‘rjags’
All declared Imports should be used.
Flavors: r-devel-linux-x86_64-fedora-clang, r-devel-linux-x86_64-fedora-gcc, r-release-macos-x86_64, r-oldrel-macos-arm64, r-oldrel-macos-x86_64