CRAN Package Check Results for Package groupICA

Last updated on 2023-03-21 12:50:37 CET.

Flavor Version Tinstall Tcheck Ttotal Status Flags
r-devel-linux-x86_64-debian-clang 0.1.1 1.93 24.12 26.05 NOTE
r-devel-linux-x86_64-debian-gcc 0.1.1 1.88 18.82 20.70 NOTE
r-devel-linux-x86_64-fedora-clang 0.1.1 33.74 NOTE
r-devel-linux-x86_64-fedora-gcc 0.1.1 32.25 NOTE
r-patched-linux-x86_64 0.1.1 1.90 24.42 26.32 NOTE
r-release-linux-x86_64 0.1.1 1.61 24.78 26.39 NOTE
r-release-macos-arm64 0.1.1 15.00 NOTE
r-release-macos-x86_64 0.1.1 23.00 NOTE
r-release-windows-x86_64 0.1.1 9.00 53.00 62.00 NOTE
r-oldrel-macos-arm64 0.1.1 17.00 NOTE
r-oldrel-macos-x86_64 0.1.1 27.00 NOTE
r-oldrel-windows-ix86+x86_64 0.1.1 5.00 51.00 56.00 NOTE

Check Details

Version: 0.1.1
Check: LazyData
Result: NOTE
     'LazyData' is specified without a 'data' directory
Flavors: r-devel-linux-x86_64-debian-clang, r-devel-linux-x86_64-debian-gcc, r-devel-linux-x86_64-fedora-clang, r-devel-linux-x86_64-fedora-gcc, r-patched-linux-x86_64, r-release-linux-x86_64, r-release-macos-arm64, r-release-macos-x86_64, r-release-windows-x86_64, r-oldrel-macos-arm64, r-oldrel-macos-x86_64, r-oldrel-windows-ix86+x86_64