Last updated on 2024-03-29 06:56:28 CET.
Flavor | Version | Tinstall | Tcheck | Ttotal | Status | Flags |
---|---|---|---|---|---|---|
r-devel-linux-x86_64-debian-clang | 0.2.20 | 3.81 | 38.77 | 42.58 | NOTE | |
r-devel-linux-x86_64-debian-gcc | 0.2.20 | 3.28 | 30.29 | 33.57 | NOTE | |
r-devel-linux-x86_64-fedora-clang | 0.2.20 | 53.62 | NOTE | |||
r-devel-linux-x86_64-fedora-gcc | 0.2.20 | 63.15 | NOTE | |||
r-devel-windows-x86_64 | 0.2.20 | 6.00 | 49.00 | 55.00 | NOTE | |
r-patched-linux-x86_64 | 0.2.20 | 3.71 | 38.04 | 41.75 | NOTE | |
r-release-linux-x86_64 | 0.2.20 | 3.90 | 34.72 | 38.62 | NOTE | |
r-release-macos-arm64 | 0.2.20 | 26.00 | NOTE | |||
r-release-macos-x86_64 | 0.2.20 | 39.00 | NOTE | |||
r-release-windows-x86_64 | 0.2.20 | 6.00 | 52.00 | 58.00 | NOTE | |
r-oldrel-macos-arm64 | 0.2.20 | 23.00 | NOTE | |||
r-oldrel-windows-x86_64 | 0.2.20 | 6.00 | 62.00 | 68.00 | NOTE |
Version: 0.2.20
Check: LazyData
Result: NOTE
'LazyData' is specified without a 'data' directory
Flavors: r-devel-linux-x86_64-debian-clang, r-devel-linux-x86_64-debian-gcc, r-devel-linux-x86_64-fedora-clang, r-devel-linux-x86_64-fedora-gcc, r-devel-windows-x86_64, r-patched-linux-x86_64, r-release-linux-x86_64, r-release-macos-arm64, r-release-macos-x86_64, r-release-windows-x86_64, r-oldrel-macos-arm64, r-oldrel-windows-x86_64
Version: 0.2.20
Check: dependencies in R code
Result: NOTE
Namespace in Imports field not imported from: ‘usethis’
All declared Imports should be used.
Flavors: r-devel-linux-x86_64-fedora-clang, r-devel-linux-x86_64-fedora-gcc, r-oldrel-macos-arm64