Last updated on 2023-03-26 21:54:36 CEST.
Flavor | Version | Tinstall | Tcheck | Ttotal | Status | Flags |
---|---|---|---|---|---|---|
r-devel-linux-x86_64-debian-clang | 0.1.5 | 46.53 | 42.53 | 89.06 | NOTE | |
r-devel-linux-x86_64-debian-gcc | 0.1.5 | 39.50 | 32.94 | 72.44 | NOTE | |
r-devel-linux-x86_64-fedora-clang | 0.1.5 | 125.16 | NOTE | |||
r-devel-linux-x86_64-fedora-gcc | 0.1.5 | 120.63 | NOTE | |||
r-patched-linux-x86_64 | 0.1.5 | 38.17 | 41.53 | 79.70 | NOTE | |
r-release-linux-x86_64 | 0.1.5 | 40.60 | 42.42 | 83.02 | OK | |
r-release-macos-arm64 | 0.1.5 | 37.00 | OK | |||
r-release-macos-x86_64 | 0.1.5 | 45.00 | OK | |||
r-release-windows-x86_64 | 0.1.5 | 96.00 | 95.00 | 191.00 | OK | |
r-oldrel-macos-arm64 | 0.1.5 | 41.00 | OK | |||
r-oldrel-macos-x86_64 | 0.1.5 | 53.00 | OK | |||
r-oldrel-windows-ix86+x86_64 | 0.1.5 | 106.00 | 99.00 | 205.00 | NOTE |
Version: 0.1.5
Check: C++ specification
Result: NOTE
Specified C++11: please drop specification unless essential
Flavors: r-devel-linux-x86_64-debian-clang, r-devel-linux-x86_64-debian-gcc, r-devel-linux-x86_64-fedora-clang, r-devel-linux-x86_64-fedora-gcc, r-patched-linux-x86_64
Version: 0.1.5
Check: dependencies in R code
Result: NOTE
Initiating curl with CURL_SSL_BACKEND: openssl
Flavor: r-oldrel-windows-ix86+x86_64