CRAN Package Check Results for Package gridBase

Last updated on 2022-07-05 06:51:51 CEST.

Flavor Version Tinstall Tcheck Ttotal Status Flags
r-devel-linux-x86_64-debian-clang 0.4-7 2.22 28.42 30.64 NOTE
r-devel-linux-x86_64-debian-gcc 0.4-7 1.65 21.95 23.60 NOTE
r-devel-linux-x86_64-fedora-clang 0.4-7 48.43 NOTE
r-devel-linux-x86_64-fedora-gcc 0.4-7 47.07 NOTE
r-devel-windows-x86_64 0.4-7 17.00 68.00 85.00 NOTE
r-patched-linux-x86_64 0.4-7 2.24 28.29 30.53 NOTE
r-release-linux-x86_64 0.4-7 2.09 27.48 29.57 NOTE
r-release-macos-arm64 0.4-7 20.00 NOTE
r-release-macos-x86_64 0.4-7 26.00 NOTE
r-release-windows-x86_64 0.4-7 16.00 65.00 81.00 NOTE
r-oldrel-macos-arm64 0.4-7 36.00 NOTE
r-oldrel-macos-x86_64 0.4-7 35.00 NOTE
r-oldrel-windows-ix86+x86_64 0.4-7 5.00 44.00 49.00 NOTE

Check Details

Version: 0.4-7
Check: DESCRIPTION meta-information
Result: NOTE
    Malformed Description field: should contain one or more complete sentences.
Flavors: r-devel-linux-x86_64-debian-clang, r-devel-linux-x86_64-debian-gcc, r-devel-linux-x86_64-fedora-clang, r-devel-linux-x86_64-fedora-gcc, r-devel-windows-x86_64, r-patched-linux-x86_64, r-release-linux-x86_64, r-release-macos-arm64, r-release-macos-x86_64, r-release-windows-x86_64, r-oldrel-macos-arm64, r-oldrel-macos-x86_64, r-oldrel-windows-ix86+x86_64