Last updated on 2024-04-19 11:56:47 CEST.
Flavor | Version | Tinstall | Tcheck | Ttotal | Status | Flags |
---|---|---|---|---|---|---|
r-devel-linux-x86_64-debian-clang | 0.4-7 | 2.19 | 29.95 | 32.14 | NOTE | |
r-devel-linux-x86_64-debian-gcc | 0.4-7 | NOTE | ||||
r-devel-linux-x86_64-fedora-clang | 0.4-7 | 41.25 | NOTE | |||
r-devel-linux-x86_64-fedora-gcc | 0.4-7 | 51.34 | NOTE | |||
r-prerel-macos-arm64 | 0.4-7 | 24.00 | NOTE | |||
r-prerel-windows-x86_64 | 0.4-7 | 3.00 | 59.00 | 62.00 | NOTE | |
r-patched-linux-x86_64 | 0.4-7 | 2.06 | 28.25 | 30.31 | NOTE | |
r-release-linux-x86_64 | 0.4-7 | 1.92 | 27.28 | 29.20 | NOTE | |
r-release-macos-arm64 | 0.4-7 | 24.00 | NOTE | |||
r-release-macos-x86_64 | 0.4-7 | 33.00 | NOTE | |||
r-release-windows-x86_64 | 0.4-7 | 3.00 | 51.00 | 54.00 | NOTE | |
r-oldrel-macos-arm64 | 0.4-7 | 19.00 | NOTE | |||
r-oldrel-windows-x86_64 | 0.4-7 | 4.00 | 56.00 | 60.00 | NOTE |
Version: 0.4-7
Check: DESCRIPTION meta-information
Result: NOTE
Malformed Description field: should contain one or more complete sentences.
Flavors: r-devel-linux-x86_64-debian-clang, r-devel-linux-x86_64-debian-gcc, r-devel-linux-x86_64-fedora-clang, r-devel-linux-x86_64-fedora-gcc, r-prerel-macos-arm64, r-prerel-windows-x86_64, r-patched-linux-x86_64, r-release-linux-x86_64, r-release-macos-arm64, r-release-macos-x86_64, r-release-windows-x86_64, r-oldrel-macos-arm64, r-oldrel-windows-x86_64