CRAN Package Check Results for Package gridBase

Last updated on 2022-01-19 21:50:37 CET.

Flavor Version Tinstall Tcheck Ttotal Status Flags
r-devel-linux-x86_64-debian-clang 0.4-7 NOTE
r-devel-linux-x86_64-debian-gcc 0.4-7 1.74 28.00 29.74 NOTE
r-devel-linux-x86_64-fedora-clang 0.4-7 47.66 NOTE
r-devel-linux-x86_64-fedora-gcc 0.4-7 35.52 NOTE
r-devel-windows-x86_64-new-UL 0.4-7 22.00 66.00 88.00 NOTE
r-devel-windows-x86_64-new-TK 0.4-7 NOTE
r-patched-linux-x86_64 0.4-7 2.25 34.87 37.12 NOTE
r-release-linux-x86_64 0.4-7 NOTE
r-release-macos-arm64 0.4-7 NOTE
r-release-macos-x86_64 0.4-7 NOTE
r-release-windows-ix86+x86_64 0.4-7 4.00 44.00 48.00 NOTE
r-oldrel-macos-x86_64 0.4-7 NOTE
r-oldrel-windows-ix86+x86_64 0.4-7 4.00 44.00 48.00 NOTE

Check Details

Version: 0.4-7
Check: DESCRIPTION meta-information
Result: NOTE
    Malformed Description field: should contain one or more complete sentences.
Flavors: r-devel-linux-x86_64-debian-clang, r-devel-linux-x86_64-debian-gcc, r-devel-linux-x86_64-fedora-clang, r-devel-linux-x86_64-fedora-gcc, r-devel-windows-x86_64-new-UL, r-devel-windows-x86_64-new-TK, r-patched-linux-x86_64, r-release-linux-x86_64, r-release-macos-arm64, r-release-macos-x86_64, r-release-windows-ix86+x86_64, r-oldrel-macos-x86_64, r-oldrel-windows-ix86+x86_64