Last updated on 2024-03-29 06:56:28 CET.
Flavor | Version | Tinstall | Tcheck | Ttotal | Status | Flags |
---|---|---|---|---|---|---|
r-devel-linux-x86_64-debian-clang | 0.6.1 | 390.84 | 301.95 | 692.79 | NOTE | |
r-devel-linux-x86_64-debian-gcc | 0.6.1 | 318.82 | 224.78 | 543.60 | NOTE | |
r-devel-linux-x86_64-fedora-clang | 0.6.1 | 1003.22 | NOTE | |||
r-devel-linux-x86_64-fedora-gcc | 0.6.1 | 1039.22 | NOTE | |||
r-devel-windows-x86_64 | 0.6.1 | 314.00 | 303.00 | 617.00 | NOTE | |
r-patched-linux-x86_64 | 0.6.1 | 416.03 | 294.33 | 710.36 | NOTE | |
r-release-linux-x86_64 | 0.6.1 | 401.35 | 309.16 | 710.51 | NOTE | |
r-release-macos-arm64 | 0.6.1 | 258.00 | NOTE | |||
r-release-macos-x86_64 | 0.6.1 | 425.00 | NOTE | |||
r-release-windows-x86_64 | 0.6.1 | 377.00 | 356.00 | 733.00 | NOTE | |
r-oldrel-macos-arm64 | 0.6.1 | 212.00 | NOTE | |||
r-oldrel-windows-x86_64 | 0.6.1 | 373.00 | 348.00 | 721.00 | OK |
Version: 0.6.1
Check: C++ specification
Result: NOTE
Specified C++11: please drop specification unless essential
Flavors: r-devel-linux-x86_64-debian-clang, r-devel-linux-x86_64-debian-gcc, r-devel-linux-x86_64-fedora-clang, r-devel-linux-x86_64-fedora-gcc, r-devel-windows-x86_64, r-patched-linux-x86_64, r-release-linux-x86_64, r-release-macos-arm64, r-release-macos-x86_64, r-release-windows-x86_64
Version: 0.6.1
Check: data for non-ASCII characters
Result: NOTE
Note: found 989 marked UTF-8 strings
Flavors: r-devel-linux-x86_64-fedora-clang, r-devel-linux-x86_64-fedora-gcc, r-oldrel-macos-arm64
Version: 0.6.1
Check: installed package size
Result: NOTE
installed size is 19.6Mb
sub-directories of 1Mb or more:
libs 17.3Mb
Flavors: r-release-macos-arm64, r-release-macos-x86_64, r-oldrel-macos-arm64