CRAN Package Check Results for Package graticule

Last updated on 2022-06-25 12:54:24 CEST.

Flavor Version Tinstall Tcheck Ttotal Status Flags
r-devel-linux-x86_64-debian-clang 0.1.6 26.35 293.16 319.51 OK
r-devel-linux-x86_64-debian-gcc 0.1.6 23.44 214.10 237.54 OK
r-devel-linux-x86_64-fedora-clang 0.1.6 374.40 NOTE
r-devel-linux-x86_64-fedora-gcc 0.1.6 380.57 NOTE
r-devel-windows-x86_64 0.1.6 33.00 286.00 319.00 OK
r-patched-linux-x86_64 0.1.6 25.69 281.49 307.18 OK
r-release-linux-x86_64 0.1.6 26.65 278.34 304.99 OK
r-release-macos-arm64 0.1.6 86.00 NOTE
r-release-macos-x86_64 0.1.6 199.00 NOTE
r-release-windows-x86_64 0.1.6 35.00 287.00 322.00 OK
r-oldrel-macos-arm64 0.1.6 53.00 NOTE
r-oldrel-macos-x86_64 0.1.6 90.00 NOTE
r-oldrel-windows-ix86+x86_64 0.1.6 63.00 293.00 356.00 OK

Check Details

Version: 0.1.6
Check: dependencies in R code
Result: NOTE
    Namespaces in Imports field not imported from:
     ‘methods’ ‘quadmesh’
     All declared Imports should be used.
Flavors: r-devel-linux-x86_64-fedora-clang, r-devel-linux-x86_64-fedora-gcc, r-release-macos-arm64, r-release-macos-x86_64, r-oldrel-macos-arm64, r-oldrel-macos-x86_64