CRAN Package Check Results for Package graphsim

Last updated on 2024-06-14 02:54:02 CEST.

Flavor Version Tinstall Tcheck Ttotal Status Flags
r-devel-linux-x86_64-debian-clang 1.0.3 9.53 101.72 111.25 OK
r-devel-linux-x86_64-debian-gcc 1.0.3 0.61 1.71 2.32 ERROR
r-devel-linux-x86_64-fedora-clang 1.0.3 136.20 OK
r-devel-linux-x86_64-fedora-gcc 1.0.3 143.37 OK
r-devel-windows-x86_64 1.0.3 11.00 88.00 99.00 OK
r-patched-linux-x86_64 1.0.3 10.05 96.74 106.79 OK
r-release-linux-x86_64 1.0.3 9.83 97.15 106.98 OK
r-release-macos-arm64 1.0.3 44.00 OK
r-release-macos-x86_64 1.0.3 67.00 OK
r-release-windows-x86_64 1.0.3 10.00 87.00 97.00 OK
r-oldrel-macos-arm64 1.0.3 48.00 OK
r-oldrel-macos-x86_64 1.0.3 73.00 OK
r-oldrel-windows-x86_64 1.0.3 14.00 103.00 117.00 OK

Check Details

Version: 1.0.3
Check: package dependencies
Result: ERROR Package required but not available: ‘igraph’ Packages suggested but not available for checking: 'devtools', 'testthat', 'vdiffr' See section ‘The DESCRIPTION file’ in the ‘Writing R Extensions’ manual. Flavor: r-devel-linux-x86_64-debian-gcc