CRAN Package Check Results for Package graphsim

Last updated on 2020-07-03 03:47:09 CEST.

Flavor Version Tinstall Tcheck Ttotal Status Flags
r-devel-linux-x86_64-debian-clang 0.1.2 10.19 108.36 118.55 OK
r-devel-linux-x86_64-debian-gcc 1.0.0 8.18 512.73 520.91 OK
r-devel-linux-x86_64-fedora-clang 1.0.0 890.13 NOTE
r-devel-linux-x86_64-fedora-gcc 1.0.0 947.60 NOTE
r-devel-windows-ix86+x86_64 0.1.2 21.00 149.00 170.00 OK
r-patched-linux-x86_64 0.1.2 8.72 109.99 118.71 OK
r-patched-solaris-x86 1.0.0 947.00 NOTE
r-release-linux-x86_64 0.1.2 9.03 109.64 118.67 OK
r-release-osx-x86_64 0.1.2 NOTE
r-release-windows-ix86+x86_64 0.1.2 17.00 155.00 172.00 OK
r-oldrel-osx-x86_64 0.1.2 NOTE
r-oldrel-windows-ix86+x86_64 0.1.2 15.00 147.00 162.00 OK

Check Details

Version: 1.0.0
Check: dependencies in R code
Result: NOTE
    Namespace in Imports field not imported from: ‘utils’
     All declared Imports should be used.
Flavors: r-devel-linux-x86_64-fedora-clang, r-devel-linux-x86_64-fedora-gcc, r-patched-solaris-x86

Version: 0.1.2
Check: dependencies in R code
Result: NOTE
    Namespace in Imports field not imported from: ‘utils’
     All declared Imports should be used.
Flavors: r-release-osx-x86_64, r-oldrel-osx-x86_64