CRAN Package Check Results for Package graphlayouts

Last updated on 2020-10-01 21:47:07 CEST.

Flavor Version Tinstall Tcheck Ttotal Status Flags
r-devel-linux-x86_64-debian-clang 0.7.0 77.15 41.01 118.16 OK
r-devel-linux-x86_64-debian-gcc 0.7.0 57.81 30.94 88.75 OK
r-devel-linux-x86_64-fedora-clang 0.7.0 173.43 NOTE
r-devel-linux-x86_64-fedora-gcc 0.7.0 151.94 OK
r-devel-windows-ix86+x86_64 0.7.0 180.00 89.00 269.00 OK
r-patched-linux-x86_64 0.7.0 72.86 37.78 110.64 OK
r-patched-solaris-x86 0.7.0 140.70 OK
r-release-linux-x86_64 0.7.0 70.86 37.91 108.77 OK
r-release-macos-x86_64 0.7.0 NOTE
r-release-windows-ix86+x86_64 0.7.0 178.00 91.00 269.00 OK
r-oldrel-macos-x86_64 0.7.0 NOTE
r-oldrel-windows-ix86+x86_64 0.7.0 163.00 91.00 254.00 OK

Check Details

Version: 0.7.0
Check: installed package size
Result: NOTE
     installed size is 6.7Mb
     sub-directories of 1Mb or more:
     help 2.4Mb
     libs 4.0Mb
Flavors: r-devel-linux-x86_64-fedora-clang, r-release-macos-x86_64, r-oldrel-macos-x86_64