Last updated on 2023-06-08 05:58:10 CEST.
Flavor | Version | Tinstall | Tcheck | Ttotal | Status | Flags |
---|---|---|---|---|---|---|
r-devel-linux-x86_64-debian-clang | 0.2.0 | 14.17 | 168.03 | 182.20 | OK | |
r-devel-linux-x86_64-debian-gcc | 0.2.0 | 13.31 | 125.12 | 138.43 | OK | |
r-devel-linux-x86_64-fedora-clang | 0.2.0 | 230.18 | NOTE | |||
r-devel-linux-x86_64-fedora-gcc | 0.2.0 | 233.54 | OK | |||
r-devel-windows-x86_64 | 0.2.0 | 14.00 | 177.00 | 191.00 | OK | |
r-patched-linux-x86_64 | 0.2.0 | 13.57 | 161.57 | 175.14 | OK | |
r-release-linux-x86_64 | 0.2.0 | 11.05 | 162.82 | 173.87 | OK | |
r-release-macos-arm64 | 0.2.0 | 93.00 | OK | |||
r-release-macos-x86_64 | 0.2.0 | 125.00 | OK | |||
r-release-windows-x86_64 | 0.2.0 | 20.00 | 210.00 | 230.00 | OK | |
r-oldrel-macos-arm64 | 0.2.0 | 76.00 | OK | |||
r-oldrel-macos-x86_64 | 0.2.0 | 97.00 | OK | |||
r-oldrel-windows-x86_64 | 0.2.0 | 18.00 | 208.00 | 226.00 | OK |
Version: 0.2.0
Check: Rd cross-references
Result: NOTE
Undeclared package ‘glasso’ in Rd xrefs
Flavor: r-devel-linux-x86_64-fedora-clang