Last updated on 2024-03-29 12:54:06 CET.
Flavor | Version | Tinstall | Tcheck | Ttotal | Status | Flags |
---|---|---|---|---|---|---|
r-devel-linux-x86_64-debian-clang | 0.1.2 | 2.44 | 27.49 | 29.93 | NOTE | |
r-devel-linux-x86_64-debian-gcc | 0.1.2 | 1.90 | 21.26 | 23.16 | NOTE | |
r-devel-linux-x86_64-fedora-clang | 0.1.2 | 38.30 | NOTE | |||
r-devel-linux-x86_64-fedora-gcc | 0.1.2 | 48.49 | NOTE | |||
r-devel-windows-x86_64 | 0.1.2 | 5.00 | 49.00 | 54.00 | NOTE | |
r-patched-linux-x86_64 | 0.1.2 | 1.97 | 27.22 | 29.19 | NOTE | |
r-release-linux-x86_64 | 0.1.2 | 1.77 | 26.15 | 27.92 | NOTE | |
r-release-macos-arm64 | 0.1.2 | 24.00 | NOTE | |||
r-release-macos-x86_64 | 0.1.2 | 33.00 | NOTE | |||
r-release-windows-x86_64 | 0.1.2 | 4.00 | 49.00 | 53.00 | NOTE | |
r-oldrel-macos-arm64 | 0.1.2 | 24.00 | NOTE | |||
r-oldrel-windows-x86_64 | 0.1.2 | 5.00 | 101.00 | 106.00 | NOTE |
Version: 0.1.2
Check: LazyData
Result: NOTE
'LazyData' is specified without a 'data' directory
Flavors: r-devel-linux-x86_64-debian-clang, r-devel-linux-x86_64-debian-gcc, r-devel-linux-x86_64-fedora-clang, r-devel-linux-x86_64-fedora-gcc, r-devel-windows-x86_64, r-patched-linux-x86_64, r-release-linux-x86_64, r-release-macos-arm64, r-release-macos-x86_64, r-release-windows-x86_64, r-oldrel-macos-arm64, r-oldrel-windows-x86_64