Last updated on 2023-03-23 21:50:11 CET.
Flavor | Version | Tinstall | Tcheck | Ttotal | Status | Flags |
---|---|---|---|---|---|---|
r-devel-linux-x86_64-debian-clang | 0.2.1 | 19.35 | 187.11 | 206.46 | OK | |
r-devel-linux-x86_64-debian-gcc | 0.2.1 | 15.52 | 137.90 | 153.42 | OK | |
r-devel-linux-x86_64-fedora-clang | 0.2.1 | 269.31 | OK | |||
r-devel-linux-x86_64-fedora-gcc | 0.2.1 | 281.24 | OK | |||
r-patched-linux-x86_64 | 0.2.1 | 20.58 | 171.27 | 191.85 | OK | |
r-release-linux-x86_64 | 0.2.1 | 17.18 | 171.53 | 188.71 | OK | |
r-release-macos-arm64 | 0.2.1 | 62.00 | NOTE | |||
r-release-macos-x86_64 | 0.2.1 | 7.00 | ERROR | |||
r-release-windows-x86_64 | 0.2.1 | 97.00 | 220.00 | 317.00 | OK | |
r-oldrel-macos-arm64 | 0.2.1 | 65.00 | NOTE | |||
r-oldrel-macos-x86_64 | 0.2.1 | 86.00 | OK | |||
r-oldrel-windows-ix86+x86_64 | 0.2.1 | 36.00 | 410.00 | 446.00 | NOTE |
Version: 0.2.1
Check: package dependencies
Result: NOTE
Package suggested but not available for checking: ‘monocle’
Flavors: r-release-macos-arm64, r-oldrel-macos-arm64
Version: 0.2.1
Check: Rd cross-references
Result: NOTE
Package unavailable to check Rd xrefs: ‘monocle’
Flavors: r-release-macos-arm64, r-oldrel-macos-arm64
Version: 0.2.1
Check: package dependencies
Result: ERROR
Package required but not available: ‘lfc’
See section ‘The DESCRIPTION file’ in the ‘Writing R Extensions’
manual.
Flavor: r-release-macos-x86_64
Version: 0.2.1
Check: dependencies in R code
Result: NOTE
Initiating curl with CURL_SSL_BACKEND: openssl
Flavor: r-oldrel-windows-ix86+x86_64