CRAN Package Check Results for Package grImport2

Last updated on 2020-10-01 12:49:03 CEST.

Flavor Version Tinstall Tcheck Ttotal Status Flags
r-devel-linux-x86_64-debian-clang 0.2-0 6.06 56.87 62.93 OK
r-devel-linux-x86_64-debian-gcc 0.2-0 5.32 43.74 49.06 OK
r-devel-linux-x86_64-fedora-clang 0.2-0 82.40 OK
r-devel-linux-x86_64-fedora-gcc 0.2-0 73.05 OK
r-devel-windows-ix86+x86_64 0.2-0 11.00 72.00 83.00 OK
r-patched-linux-x86_64 0.2-0 5.44 54.02 59.46 OK
r-patched-solaris-x86 0.2-0 100.00 NOTE
r-release-linux-x86_64 0.2-0 6.34 53.66 60.00 OK
r-release-macos-x86_64 0.2-0 OK
r-release-windows-ix86+x86_64 0.2-0 9.00 75.00 84.00 OK
r-oldrel-macos-x86_64 0.2-0 OK
r-oldrel-windows-ix86+x86_64 0.2-0 19.00 79.00 98.00 OK

Check Details

Version: 0.2-0
Check: package dependencies
Result: NOTE
    Package suggested but not available for checking: ‘rsvg’
Flavor: r-patched-solaris-x86