Last updated on 2023-12-04 12:50:21 CET.
Flavor | Version | Tinstall | Tcheck | Ttotal | Status | Flags |
---|---|---|---|---|---|---|
r-devel-linux-x86_64-debian-clang | 0.0.2 | 12.29 | 221.74 | 234.03 | NOTE | |
r-devel-linux-x86_64-debian-gcc | 0.0.2 | 12.57 | 163.26 | 175.83 | NOTE | |
r-devel-linux-x86_64-fedora-clang | 0.0.2 | 293.68 | NOTE | |||
r-devel-linux-x86_64-fedora-gcc | 0.0.2 | 238.52 | NOTE | |||
r-devel-windows-x86_64 | 0.0.2 | 13.00 | 156.00 | 169.00 | NOTE | |
r-patched-linux-x86_64 | 0.0.2 | 14.98 | 212.08 | 227.06 | NOTE | |
r-release-linux-x86_64 | 0.0.2 | 13.86 | 208.06 | 221.92 | NOTE | |
r-release-macos-arm64 | 0.0.2 | 72.00 | NOTE | |||
r-release-macos-x86_64 | 0.0.2 | 126.00 | NOTE | |||
r-release-windows-x86_64 | 0.0.2 | 18.00 | 205.00 | 223.00 | NOTE | |
r-oldrel-macos-arm64 | 0.0.2 | 63.00 | NOTE | |||
r-oldrel-macos-x86_64 | 0.0.2 | 82.00 | NOTE | |||
r-oldrel-windows-x86_64 | 0.0.2 | 20.00 | 199.00 | 219.00 | NOTE |
Version: 0.0.2
Check: LazyData
Result: NOTE
'LazyData' is specified without a 'data' directory
Flavors: r-devel-linux-x86_64-debian-clang, r-devel-linux-x86_64-debian-gcc, r-devel-linux-x86_64-fedora-clang, r-devel-linux-x86_64-fedora-gcc, r-devel-windows-x86_64, r-patched-linux-x86_64, r-release-linux-x86_64, r-release-macos-arm64, r-release-macos-x86_64, r-release-windows-x86_64, r-oldrel-macos-arm64, r-oldrel-macos-x86_64, r-oldrel-windows-x86_64