Last updated on 2024-04-19 03:56:23 CEST.
Flavor | Version | Tinstall | Tcheck | Ttotal | Status | Flags |
---|---|---|---|---|---|---|
r-devel-linux-x86_64-debian-clang | 0.0.2 | 16.55 | 233.01 | 249.56 | NOTE | |
r-devel-linux-x86_64-debian-gcc | 0.0.2 | 13.37 | 165.17 | 178.54 | NOTE | |
r-devel-linux-x86_64-fedora-clang | 0.0.2 | 290.39 | NOTE | |||
r-devel-linux-x86_64-fedora-gcc | 0.0.2 | 286.27 | NOTE | |||
r-prerel-macos-arm64 | 0.0.2 | 70.00 | NOTE | |||
r-prerel-windows-x86_64 | 0.0.2 | 15.00 | 159.00 | 174.00 | NOTE | |
r-patched-linux-x86_64 | 0.0.2 | 15.61 | 220.23 | 235.84 | NOTE | |
r-release-linux-x86_64 | 0.0.2 | 14.14 | 214.45 | 228.59 | NOTE | |
r-release-macos-arm64 | 0.0.2 | 72.00 | NOTE | |||
r-release-macos-x86_64 | 0.0.2 | 126.00 | NOTE | |||
r-release-windows-x86_64 | 0.0.2 | 18.00 | 203.00 | 221.00 | NOTE | |
r-oldrel-macos-arm64 | 0.0.2 | 63.00 | NOTE | |||
r-oldrel-windows-x86_64 | 0.0.2 | 19.00 | 208.00 | 227.00 | NOTE |
Version: 0.0.2
Check: LazyData
Result: NOTE
'LazyData' is specified without a 'data' directory
Flavors: r-devel-linux-x86_64-debian-clang, r-devel-linux-x86_64-debian-gcc, r-devel-linux-x86_64-fedora-clang, r-devel-linux-x86_64-fedora-gcc, r-prerel-macos-arm64, r-prerel-windows-x86_64, r-patched-linux-x86_64, r-release-linux-x86_64, r-release-macos-arm64, r-release-macos-x86_64, r-release-windows-x86_64, r-oldrel-macos-arm64, r-oldrel-windows-x86_64