Last updated on 2025-01-25 21:50:21 CET.
Flavor | Version | Tinstall | Tcheck | Ttotal | Status | Flags |
---|---|---|---|---|---|---|
r-devel-linux-x86_64-debian-clang | 0.6.2 | 3.37 | 36.11 | 39.48 | NOTE | |
r-devel-linux-x86_64-debian-gcc | 0.6.2 | 2.32 | 27.17 | 29.49 | NOTE | |
r-devel-linux-x86_64-fedora-clang | 0.6.2 | 65.92 | OK | |||
r-devel-linux-x86_64-fedora-gcc | 0.6.2 | 79.18 | NOTE | |||
r-devel-windows-x86_64 | 0.6.2 | 6.00 | 66.00 | 72.00 | OK | |
r-patched-linux-x86_64 | 0.6.2 | 4.63 | 34.59 | 39.22 | OK | |
r-release-linux-x86_64 | 0.6.2 | 3.56 | 34.11 | 37.67 | OK | |
r-release-macos-arm64 | 0.6.2 | 30.00 | OK | |||
r-release-macos-x86_64 | 0.6.2 | 78.00 | OK | |||
r-release-windows-x86_64 | 0.6.2 | 4.00 | 63.00 | 67.00 | OK | |
r-oldrel-macos-arm64 | 0.6.2 | 40.00 | OK | |||
r-oldrel-macos-x86_64 | 0.6.2 | 75.00 | OK | |||
r-oldrel-windows-x86_64 | 0.6.2 | 6.00 | 64.00 | 70.00 | OK |
Version: 0.6.2
Check: DESCRIPTION meta-information
Result: NOTE
Missing dependency on R >= 4.1.0 because package code uses the pipe
|> or function shorthand \(...) syntax added in R 4.1.0.
File(s) using such syntax:
‘splice.R’
Flavors: r-devel-linux-x86_64-debian-clang, r-devel-linux-x86_64-debian-gcc, r-devel-linux-x86_64-fedora-gcc